000
CDUS41 KCTP 222129
CLIMDT


CLIMATE REPORT
NATIONAL WEATHER SERVICE STATE COLLEGE PA
529 PM EDT SUN APR 22 2018


...................................

...THE HARRISBURG PA CLIMATE SUMMARY FOR APRIL 22 2018...
VALID TODAY AS OF 0500 PM LOCAL TIME.

CLIMATE NORMAL PERIOD 1981 TO 2010
CLIMATE RECORD PERIOD 1888 TO 2018


WEATHER ITEM   OBSERVED TIME   RECORD YEAR NORMAL DEPARTURE LAST
                VALUE   (LST)  VALUE       VALUE  FROM      YEAR
                                                  NORMAL
..................................................................
TEMPERATURE (F)
 TODAY
  MAXIMUM         65    359 PM  93    1985  65      0       59
  MINIMUM         37    545 AM  31    1981  44     -7       46
                                      1975
                                      1922
  AVERAGE         51                        54     -3       53

PRECIPITATION (IN)
  TODAY            0.00          1.24 2006   0.11  -0.11     0.08
  MONTH TO DATE    2.76                      2.27   0.49     2.69
  SINCE MAR 1      5.73                      5.64   0.09     7.41
  SINCE JAN 1     15.17                     10.91   4.26    11.79

SNOWFALL (IN)
  TODAY            0.0           0.6  1993   0.0    0.0      0.0
  MONTH TO DATE    3.9                       0.4    3.5      0.0
  SINCE MAR 1     19.9                       5.6   14.3     18.4
  SINCE JUL 1     38.0                      30.6    7.4     23.9
  SNOW DEPTH       0

DEGREE DAYS
 HEATING
  TODAY           14                        11      3       12
  MONTH TO DATE  409                       317     92      180
  SINCE MAR 1   1222                      1040    182      942
  SINCE JUL 1   4927                      5028   -101     4180

 COOLING
  TODAY            0                         0      0        0
  MONTH TO DATE   12                         0     12        7
  SINCE MAR 1     12                         1     11        7
  SINCE JAN 1     12                         1     11        7
..................................................................


WIND (MPH)
  HIGHEST WIND SPEED     9   HIGHEST WIND DIRECTION    SE (140)
  HIGHEST GUST SPEED    12   HIGHEST GUST DIRECTION    SE (140)
  AVERAGE WIND SPEED     2.6


SKY COVER
  POSSIBLE SUNSHINE  MM
  AVERAGE SKY COVER 0.6


WEATHER CONDITIONS
 THE FOLLOWING WEATHER WAS RECORDED TODAY.
  NO SIGNIFICANT WEATHER WAS OBSERVED.


RELATIVE HUMIDITY (PERCENT)
 HIGHEST    82           600 AM
 LOWEST     24           200 PM
 AVERAGE    53

..........................................................


THE HARRISBURG PA CLIMATE NORMALS FOR TOMORROW
                         NORMAL    RECORD    YEAR
 MAXIMUM TEMPERATURE (F)   65        91      1960
 MINIMUM TEMPERATURE (F)   44        30      1989


SUNRISE AND SUNSET
APRIL 22 2018.........SUNRISE   619 AM EDT   SUNSET   753 PM EDT
APRIL 23 2018.........SUNRISE   617 AM EDT   SUNSET   754 PM EDT


-  INDICATES NEGATIVE NUMBERS.
R  INDICATES RECORD WAS SET OR TIED.
MM INDICATES DATA IS MISSING.
T  INDICATES TRACE AMOUNT.




$$
