000
CDUS44 KJAN 242213
CLIMEI


CLIMATE REPORT
NATIONAL WEATHER SERVICE JACKSON MS
503 PM CDT TUE APR 24 2018


...................................

...THE MERIDIAN CLIMATE SUMMARY FOR APRIL 24 2018...
VALID TODAY AS OF 0500 PM LOCAL TIME.

CLIMATE NORMAL PERIOD 1981 TO 2010
CLIMATE RECORD PERIOD 1889 TO 2018


WEATHER ITEM   OBSERVED TIME   RECORD YEAR NORMAL DEPARTURE LAST
                VALUE   (LST)  VALUE       VALUE  FROM      YEAR
                                                  NORMAL
..................................................................
TEMPERATURE (F)
 TODAY
  MAXIMUM         72    254 PM  91    1958  78     -6       73
  MINIMUM         57    105 AM  37    2012  52      5       51
                                      1910
                                      1903
  AVERAGE         65                        65      0       62

PRECIPITATION (IN)
  TODAY            T             4.27 2003   0.14  -0.14     0.00
  MONTH TO DATE    6.04                      3.89   2.15     6.72
  SINCE MAR 1     11.39                      9.31   2.08    12.49
  SINCE JAN 1     23.33                     20.04   3.29    22.06

SNOWFALL (IN)
  TODAY            0.0           0.0    MM   0.0    0.0      0.0
  MONTH TO DATE    0.0                       0.1   -0.1      0.0
  SINCE MAR 1      0.0                       0.3   -0.3      0.0
  SINCE JUL 1      5.3                       0.6    4.7      0.8

DEGREE DAYS
 HEATING
  TODAY            0                         3     -3        3
  MONTH TO DATE  112                       117     -5       31
  SINCE MAR 1    343                       424    -81      221
  SINCE JUL 1   2096                      2521   -425     1349

 COOLING
  TODAY            0                         3     -3        0
  MONTH TO DATE   24                        40    -16      101
  SINCE MAR 1     68                        57     11      175
  SINCE JAN 1    142                        64     78      221
..................................................................


WIND (MPH)
  HIGHEST WIND SPEED    13   HIGHEST WIND DIRECTION     N (360)
  HIGHEST GUST SPEED    15   HIGHEST GUST DIRECTION     N (360)
  AVERAGE WIND SPEED     5.1


SKY COVER
  POSSIBLE SUNSHINE  MM
  AVERAGE SKY COVER 1.0


WEATHER CONDITIONS
 THE FOLLOWING WEATHER WAS RECORDED TODAY.
  LIGHT RAIN


RELATIVE HUMIDITY (PERCENT)
 HIGHEST    86           100 AM
 LOWEST     57           100 PM
 AVERAGE    72

..........................................................


THE MERIDIAN CLIMATE NORMALS FOR TOMORROW
                         NORMAL    RECORD    YEAR
 MAXIMUM TEMPERATURE (F)   78        87      1957
                                             1954
                                             1945
 MINIMUM TEMPERATURE (F)   52        32      1910


SUNRISE AND SUNSET
APRIL 24 2018.........SUNRISE   616 AM CDT   SUNSET   731 PM CDT
APRIL 25 2018.........SUNRISE   615 AM CDT   SUNSET   732 PM CDT


-  INDICATES NEGATIVE NUMBERS.
R  INDICATES RECORD WAS SET OR TIED.
MM INDICATES DATA IS MISSING.
T  INDICATES TRACE AMOUNT.




$$
