000
CDUS44 KBRO 202131
CLIMFE


CLIMATE REPORT
NATIONAL WEATHER SERVICE BROWNSVILLE TX
431 PM CDT SUN MAY 20 2018


...................................

...THE MCALLEN CLIMATE SUMMARY FOR MAY 20 2018...
VALID TODAY AS OF 0400 PM LOCAL TIME.

CLIMATE NORMAL PERIOD 1981 TO 2010
CLIMATE RECORD PERIOD 1961 TO 2018


WEATHER ITEM   OBSERVED TIME   RECORD YEAR NORMAL DEPARTURE LAST
                VALUE   (LST)  VALUE       VALUE  FROM      YEAR
                                                  NORMAL
..................................................................
TEMPERATURE (F)
 TODAY
  MAXIMUM         96    241 PM 100    2011  93      3       95
  MINIMUM         80   1247 AM  62    1995  73      7       80
  AVERAGE         88                        83      5       88

PRECIPITATION (IN)
  TODAY            0.01          1.07 2016   0.07  -0.06      T
  MONTH TO DATE    0.19                      1.44  -1.25      T
  SINCE MAR 1      2.08                      3.81  -1.73     3.25
  SINCE JAN 1      3.28                      5.97  -2.69     4.88

SNOWFALL (IN)
  TODAY            0.0
  MONTH TO DATE    0.0
  SINCE MAR 1      0.0
  SINCE JUL 1      0.3
  SNOW DEPTH       0

DEGREE DAYS
 HEATING
  TODAY            0                         0      0        0
  MONTH TO DATE    0                         0      0        0
  SINCE MAR 1      0                        46    -46        1
  SINCE JUL 1    550                       579    -29      189

 COOLING
  TODAY           23                        18      5       23
  MONTH TO DATE  392                       318     74      377
  SINCE MAR 1   1129                       890    239     1225
  SINCE JAN 1   1395                      1049    346     1706
..................................................................


WIND (MPH)
  HIGHEST WIND SPEED    29   HIGHEST WIND DIRECTION    SE (130)
  HIGHEST GUST SPEED    33   HIGHEST GUST DIRECTION    SE (140)
  AVERAGE WIND SPEED    15.0



WEATHER CONDITIONS
 THE FOLLOWING WEATHER WAS RECORDED TODAY.
  LIGHT RAIN


..........................................................


THE MCALLEN CLIMATE NORMALS FOR TOMORROW
                         NORMAL    RECORD    YEAR
 MAXIMUM TEMPERATURE (F)   93        99      2001
 MINIMUM TEMPERATURE (F)   73        63      1986


SUNRISE AND SUNSET
MAY 20 2018...........SUNRISE   644 AM CDT   SUNSET   815 PM CDT
MAY 21 2018...........SUNRISE   644 AM CDT   SUNSET   816 PM CDT


-  INDICATES NEGATIVE NUMBERS.
R  INDICATES RECORD WAS SET OR TIED.
MM INDICATES DATA IS MISSING.
T  INDICATES TRACE AMOUNT.




$$
