000
CDUS42 KMFL 252020
CLIMIA


CLIMATE REPORT
NATIONAL WEATHER SERVICE MIAMI, FL
419 PM EDT FRI MAY 25 2018


...................................

...THE MIAMI CLIMATE SUMMARY FOR MAY 25 2018...
VALID TODAY AS OF 0400 PM LOCAL TIME.

CLIMATE NORMAL PERIOD 1981 TO 2010
CLIMATE RECORD PERIOD 1895 TO 2018


WEATHER ITEM   OBSERVED TIME   RECORD YEAR NORMAL DEPARTURE LAST
                VALUE   (LST)  VALUE       VALUE  FROM      YEAR
                                                  NORMAL
..................................................................
TEMPERATURE (F)
 TODAY
  MAXIMUM         81   1044 AM  93    2005  88     -7       91
                                      1996
                                      1989
  MINIMUM         72   1222 PM  64    1928  74     -2       76
  AVERAGE         77                        81     -4       84

PRECIPITATION (IN)
  TODAY            0.61          5.03 1925   0.22   0.39     0.01
  MONTH TO DATE    9.05                      3.84   5.21     2.51
  SINCE NOV 1     19.49                     19.16   0.33    16.57
  SINCE JAN 1     14.42                     13.85   0.57    13.30

SNOWFALL (IN)
  TODAY            0.0
  MONTH TO DATE    0.0
  SINCE MAR 1      0.0
  SINCE JUL 1      0.0
  SNOW DEPTH       0

DEGREE DAYS
 HEATING
  TODAY            0                         0      0        0
  MONTH TO DATE    0                         0      0        0
  SINCE MAR 1      7                        12     -5        3
  SINCE JUL 1     85                       128    -43       17

 COOLING
  TODAY           12                        16     -4       19
  MONTH TO DATE  339                       364    -25      412
  SINCE MAR 1    902                       935    -33     1079
  SINCE JAN 1   1383                      1257    126     1573
..................................................................


WIND (MPH)
  HIGHEST WIND SPEED    23   HIGHEST WIND DIRECTION    SE (130)
  HIGHEST GUST SPEED    30   HIGHEST GUST DIRECTION    SE (120)
  AVERAGE WIND SPEED    10.0


SKY COVER
  AVERAGE SKY COVER 0.9


WEATHER CONDITIONS
 THE FOLLOWING WEATHER WAS RECORDED TODAY.
  HEAVY RAIN
  RAIN
  LIGHT RAIN
  FOG


RELATIVE HUMIDITY (PERCENT)
 HIGHEST   100
 LOWEST     79
 AVERAGE    90

..........................................................


THE MIAMI CLIMATE NORMALS FOR TOMORROW
                         NORMAL    RECORD    YEAR
 MAXIMUM TEMPERATURE (F)   88        94      1949
 MINIMUM TEMPERATURE (F)   74        65      1950
                                             1908


SUNRISE AND SUNSET
MAY 25 2018...........SUNRISE   631 AM EDT   SUNSET   805 PM EDT
MAY 26 2018...........SUNRISE   631 AM EDT   SUNSET   806 PM EDT


-  INDICATES NEGATIVE NUMBERS.
R  INDICATES RECORD WAS SET OR TIED.
MM INDICATES DATA IS MISSING.
T  INDICATES TRACE AMOUNT.




$$
