048
CDUS42 KMLB 190631
CLIMLB


CLIMATE REPORT
NATIONAL WEATHER SERVICE MELBOURNE FL
231 AM EDT THU APR 19 2018


...................................

...THE MELBOURNE CLIMATE SUMMARY FOR APRIL 18 2018...

CLIMATE NORMAL PERIOD 1981 TO 2010
CLIMATE RECORD PERIOD 1939 TO 2018


WEATHER ITEM   OBSERVED TIME   RECORD YEAR NORMAL DEPARTURE LAST
                VALUE   (LST)  VALUE       VALUE  FROM      YEAR
                                                  NORMAL
..................................................................
TEMPERATURE (F)
 YESTERDAY
  MAXIMUM         82    309 PM  91    2015  81      1       84
  MINIMUM         52    544 AM  45    1983  60     -8       64
  AVERAGE         67                        71     -4       74

PRECIPITATION (IN)
  YESTERDAY        0.00          1.23 2014   0.07  -0.07     0.00
  MONTH TO DATE    1.29                      1.35  -0.06     0.19
  SINCE MAR 1      1.74                      4.63  -2.89     0.60
  SINCE JAN 1      4.91                      9.43  -4.52     5.49

SNOWFALL (IN)
  YESTERDAY        0.0
  MONTH TO DATE    0.0
  SINCE JUL 1      0.0

DEGREE DAYS
 HEATING
  YESTERDAY        0                         0      0        0
  MONTH TO DATE    2                        15    -13        3
  SINCE MAR 1     89                        86      3       42
  SINCE JUL 1    342                       575   -233      220

 COOLING
  YESTERDAY        2                         6     -4        9
  MONTH TO DATE  162                        91     71      176
  SINCE MAR 1    290                       190    100      361
  SINCE JAN 1    623                       288    335      539
..................................................................


WIND (MPH)
  HIGHEST WIND SPEED    14   HIGHEST WIND DIRECTION    SE (130)
  HIGHEST GUST SPEED    18   HIGHEST GUST DIRECTION    SE (130)
  AVERAGE WIND SPEED     6.4


SKY COVER
  AVERAGE SKY COVER 0.0


WEATHER CONDITIONS
 THE FOLLOWING WEATHER WAS RECORDED YESTERDAY.
  NO SIGNIFICANT WEATHER WAS OBSERVED.


RELATIVE HUMIDITY (PERCENT)
 HIGHEST    93           300 AM
 LOWEST     29          1000 AM
 AVERAGE    61

..........................................................


THE MELBOURNE CLIMATE NORMALS FOR TODAY
                         NORMAL    RECORD    YEAR
 MAXIMUM TEMPERATURE (F)   81        93      2015
 MINIMUM TEMPERATURE (F)   61        41      1997


SUNRISE AND SUNSET
APRIL 19 2018.........SUNRISE   653 AM EDT   SUNSET   750 PM EDT
APRIL 20 2018.........SUNRISE   653 AM EDT   SUNSET   751 PM EDT


-  INDICATES NEGATIVE NUMBERS.
R  INDICATES RECORD WAS SET OR TIED.
MM INDICATES DATA IS MISSING.
T  INDICATES TRACE AMOUNT.




$$
