000
CDUS41 KCAR 220546
CLIMLT


CLIMATE REPORT
NATIONAL WEATHER SERVICE CARIBOU, ME
146 AM EDT SUN APR 22 2018


...................................

...THE MILLINOCKET ME CLIMATE SUMMARY FOR APRIL 21 2018...

CLIMATE NORMAL PERIOD 1981 TO 2010
CLIMATE RECORD PERIOD 1903 TO 2018


WEATHER ITEM   OBSERVED TIME   RECORD YEAR NORMAL DEPARTURE LAST
                VALUE   (LST)  VALUE       VALUE  FROM      YEAR
                                                  NORMAL
..................................................................
TEMPERATURE (F)
 YESTERDAY
  MAXIMUM         51    225 PM  78    1931  54     -3       40
  MINIMUM         30   1130 PM  15    1908  34     -4       32
  AVERAGE         41                        44     -3       36

PRECIPITATION (IN)
  YESTERDAY        0.00          1.74 1940   0.11  -0.11     0.33
  MONTH TO DATE    2.24                      2.58  -0.34     2.71
  SINCE MAR 1      3.96                      5.64  -1.68     4.29
  SINCE JAN 1      9.83                     10.75  -0.92     9.48

SNOWFALL (IN)
  YESTERDAY       MM            MM      MM  MM     MM       MM
  MONTH TO DATE   MM                        MM     MM       MM
  SINCE MAR 1     MM                        MM     MM       MM
  SINCE JUL 1     MM                        MM     MM       MM
  SNOW DEPTH      MM

DEGREE DAYS
 HEATING
  YESTERDAY       24                        21      3       29
  MONTH TO DATE  658                       551    107      512
  SINCE MAR 1   1728                      1698     30     1813
  SINCE JUL 1   7472                      7750   -278     7308

 COOLING
  YESTERDAY        0                         0      0        0
  MONTH TO DATE    0                         0      0        0
  SINCE MAR 1      0                         0      0        0
  SINCE JAN 1      0                         0      0        0
..................................................................


WIND (MPH)
  HIGHEST WIND SPEED    20   HIGHEST WIND DIRECTION    NW (300)
  HIGHEST GUST SPEED    27   HIGHEST GUST DIRECTION    NW (310)
  AVERAGE WIND SPEED     7.7


SKY COVER
  POSSIBLE SUNSHINE  MM
  AVERAGE SKY COVER 0.7


WEATHER CONDITIONS
 THE FOLLOWING WEATHER WAS RECORDED YESTERDAY.
  NO SIGNIFICANT WEATHER WAS OBSERVED.


RELATIVE HUMIDITY (PERCENT)
 HIGHEST    76          1200 AM
 LOWEST     29           200 PM
 AVERAGE    53

..........................................................


THE MILLINOCKET ME CLIMATE NORMALS FOR TODAY
                         NORMAL    RECORD    YEAR
 MAXIMUM TEMPERATURE (F)   55        78      1992
                                             1987
                                             1977
 MINIMUM TEMPERATURE (F)   34        20      1981
                                             1947


SUNRISE AND SUNSET
APRIL 22 2018.........SUNRISE   537 AM EDT   SUNSET   730 PM EDT
APRIL 23 2018.........SUNRISE   535 AM EDT   SUNSET   732 PM EDT


-  INDICATES NEGATIVE NUMBERS.
R  INDICATES RECORD WAS SET OR TIED.
MM INDICATES DATA IS MISSING.
T  INDICATES TRACE AMOUNT.




$$
