762
CDUS46 KPQR 221141
CLIMMV


CLIMATE REPORT
NATIONAL WEATHER SERVICE PORTLAND OREGON
441 AM PDT TUE MAY 22 2018


...................................

...THE MCMINNVILLE OR CLIMATE SUMMARY FOR MAY 21 2018...

CLIMATE NORMAL PERIOD 1981 TO 2010
CLIMATE RECORD PERIOD 1894 TO 2018


WEATHER ITEM   OBSERVED TIME   RECORD YEAR NORMAL DEPARTURE LAST
                VALUE   (LST)  VALUE       VALUE  FROM      YEAR
                                                  NORMAL
..................................................................
TEMPERATURE (F)
 YESTERDAY
  MAXIMUM         75    405 PM  90    1928  69      6       84
  MINIMUM         43    402 AM  29    1909  44     -1       47
  AVERAGE         59                        56      3       66

PRECIPITATION (IN)
  YESTERDAY        0.00          0.80 1998   0.07  -0.07     0.00
  MONTH TO DATE    0.20                      1.50  -1.30     1.94
  SINCE OCT 1     31.74                     35.01  -3.27    52.45
  SINCE JAN 1     16.20                     18.98  -2.78    28.64

DEGREE DAYS
 HEATING
  YESTERDAY        6                         9     -3        0
  MONTH TO DATE  138                       221    -83      194
  SINCE JUL 1   4143                      4619   -476     4477

 COOLING
  YESTERDAY        0                         0      0        1
  MONTH TO DATE    2                         0      2       10
  SINCE JAN 1      2                         0      2       10
..................................................................


WIND (MPH)
  HIGHEST WIND SPEED    12   HIGHEST WIND DIRECTION     N (10)
  HIGHEST GUST SPEED    13   HIGHEST GUST DIRECTION    NW (330)
  AVERAGE WIND SPEED     3.8


SKY COVER
  POSSIBLE SUNSHINE  MM
  AVERAGE SKY COVER 0.1


WEATHER CONDITIONS
 THE FOLLOWING WEATHER WAS RECORDED YESTERDAY.
  NO SIGNIFICANT WEATHER WAS OBSERVED.


RELATIVE HUMIDITY (PERCENT)
 HIGHEST   100           400 AM
 LOWEST     44           400 PM
 AVERAGE    72

..........................................................


THE MCMINNVILLE OR CLIMATE NORMALS FOR TODAY
                         NORMAL    RECORD    YEAR
 MAXIMUM TEMPERATURE (F)   69        92      2001
 MINIMUM TEMPERATURE (F)   44        31      1955


SUNRISE AND SUNSET
MAY 22 2018...........SUNRISE   436 AM PST   SUNSET   743 PM PST
MAY 23 2018...........SUNRISE   435 AM PST   SUNSET   744 PM PST


-  INDICATES NEGATIVE NUMBERS.
R  INDICATES RECORD WAS SET OR TIED.
MM INDICATES DATA IS MISSING.
T  INDICATES TRACE AMOUNT.




$$
