000
CDUS46 KSTO 200842
CLIMOD


CLIMATE REPORT
NATIONAL WEATHER SERVICE SACRAMENTO, CA
142 AM PDT SUN MAY 20 2018


...................................

...THE MODESTO CA CLIMATE SUMMARY FOR MAY 19 2018...

CLIMATE NORMAL PERIOD 1981 TO 2010
CLIMATE RECORD PERIOD 1931 TO 2018


WEATHER ITEM   OBSERVED TIME   RECORD YEAR NORMAL DEPARTURE LAST
                VALUE   (LST)  VALUE       VALUE  FROM      YEAR
                                                  NORMAL
..................................................................
TEMPERATURE (F)
 YESTERDAY
  MAXIMUM         80    325 PM  99    2008  84     -4       92
  MINIMUM         55   1155 PM  40    1962  56     -1       54
  AVERAGE         68

PRECIPITATION (IN)
  YESTERDAY        0.00          0.22 1961   0.02  -0.02     0.00
  MONTH TO DATE    T                         0.44  -0.44     0.01
  SINCE OCT 1      8.00                     12.52  -4.52    16.79
  SINCE JAN 1      6.97                      8.44  -1.47    11.76

SNOWFALL (IN)
  YESTERDAY        0.0          MM      MM
  MONTH TO DATE    0.0
  SINCE MAR 1      0.0
  SINCE JUL 1      0.0
  SNOW DEPTH       0

DEGREE DAYS
 HEATING
  YESTERDAY        0                         1     -1        0
  MONTH TO DATE    2                        26    -24       22
  SINCE MAR 1    411                       392     19      292
  SINCE JUL 1   1989                      2160   -171     1808

 COOLING
  YESTERDAY        3                         5     -2        8
  MONTH TO DATE   68                        78    -10       98
  SINCE MAR 1     96                       122    -26      115
  SINCE JAN 1     96                       122    -26      115
..................................................................


WIND (MPH)
  RESULTANT WIND SPEED  11   RESULTANT WIND DIRECTION  NW (330)
  HIGHEST WIND SPEED    21   HIGHEST WIND DIRECTION    NW (310)
  HIGHEST GUST SPEED    26   HIGHEST GUST DIRECTION    NW (300)


SKY COVER
  POSSIBLE SUNSHINE  MM
  AVERAGE SKY COVER 0.0


WEATHER CONDITIONS
 THE FOLLOWING WEATHER WAS RECORDED YESTERDAY.
  NO SIGNIFICANT WEATHER WAS OBSERVED.


RELATIVE HUMIDITY (PERCENT)
 HIGHEST    72           200 AM
 LOWEST     30           200 PM
 AVERAGE    51

..........................................................


THE MODESTO CA CLIMATE NORMALS FOR TODAY
                         NORMAL    RECORD    YEAR
 MAXIMUM TEMPERATURE (F)   84        99      2001
 MINIMUM TEMPERATURE (F)   56        42      1974


SUNRISE AND SUNSET
MAY 20 2018...........SUNRISE   550 AM PDT   SUNSET   811 PM PDT
MAY 21 2018...........SUNRISE   550 AM PDT   SUNSET   812 PM PDT


-  INDICATES NEGATIVE NUMBERS.
R  INDICATES RECORD WAS SET OR TIED.
MM INDICATES DATA IS MISSING.
T  INDICATES TRACE AMOUNT.




$$
