000
CDUS41 KLWX 190531
CLIMRB


CLIMATE REPORT
NATIONAL WEATHER SERVICE BALTIMORE MD/WASHINGTON DC
126 AM EDT THU APR 19 2018


...................................

...THE MARTINSBURG WV CLIMATE SUMMARY FOR APRIL 18 2018...

CLIMATE NORMAL PERIOD 1981 TO 2010
CLIMATE RECORD PERIOD 1926 TO 2018


WEATHER ITEM   OBSERVED TIME   NORMAL DEPARTURE LAST
                VALUE   (LST)  VALUE  FROM      YEAR
                                      NORMAL
......................................................
TEMPERATURE (F)
 YESTERDAY
  MAXIMUM         61    457 PM  65     -4       72
  MINIMUM         29    602 AM  42    -13       41
  AVERAGE         45            53     -8       57

PRECIPITATION (IN)
  YESTERDAY        0.00          0.11  -0.11     0.00
  MONTH TO DATE    2.83          1.99   0.84     1.29
  SINCE MAR 1      4.52          5.51  -0.99     4.07
  SINCE JAN 1     10.71         10.29   0.42     8.45

DEGREE DAYS
 HEATING
  YESTERDAY       20            12      8        8
  MONTH TO DATE  313           263     50      147
  SINCE MAR 1   1137           977    160      829
  SINCE JUL 1   4702          4933   -231     3907

 COOLING
  YESTERDAY        0             0      0        0
  MONTH TO DATE   16             0     16       17
  SINCE MAR 1     16             1     15       20
  SINCE JAN 1     21             1     20       20
......................................................


WIND (MPH)
  HIGHEST WIND SPEED    13   HIGHEST WIND DIRECTION    NW (310)
  HIGHEST GUST SPEED    17   HIGHEST GUST DIRECTION    NW (320)
  AVERAGE WIND SPEED     4.8


SKY COVER
  POSSIBLE SUNSHINE  MM
  AVERAGE SKY COVER 0.2


WEATHER CONDITIONS
 THE FOLLOWING WEATHER WAS RECORDED YESTERDAY.
  NO SIGNIFICANT WEATHER WAS OBSERVED.


RELATIVE HUMIDITY (PERCENT)
 HIGHEST    72           600 AM
 LOWEST     35           100 PM
 AVERAGE    54

..........................................................


THE MARTINSBURG WV CLIMATE NORMALS FOR TODAY
                         NORMAL
 MAXIMUM TEMPERATURE (F)   65
 MINIMUM TEMPERATURE (F)   42


SUNRISE AND SUNSET
APRIL 19 2018.........SUNRISE   629 AM EDT   SUNSET   754 PM EDT
APRIL 20 2018.........SUNRISE   628 AM EDT   SUNSET   755 PM EDT


-  INDICATES NEGATIVE NUMBERS.
R  INDICATES RECORD WAS SET OR TIED.
MM INDICATES DATA IS MISSING.
T  INDICATES TRACE AMOUNT.




$$
