972
CDUS43 KOAX 220630
CLIOAX


CLIMATE REPORT
NATIONAL WEATHER SERVICE OMAHA NEBRASKA
130 AM CDT SUN APR 22 2018


...................................

...THE VALLEY  NWS, NEBRASKA CLIMATE SUMMARY FOR APRIL 21 2018...

CLIMATE NORMAL PERIOD 1981 TO 2010
CLIMATE RECORD PERIOD 1997 TO 2018


WEATHER ITEM   OBSERVED TIME   NORMAL DEPARTURE LAST
                VALUE   (LST)  VALUE  FROM      YEAR
                                      NORMAL
......................................................
TEMPERATURE (F)
 YESTERDAY
  MAXIMUM         53    352 PM  64    -11       57
  MINIMUM         45    431 AM  42      3       41
  AVERAGE         49            53     -4       49

PRECIPITATION (IN)
  YESTERDAY        T             0.11  -0.11     0.00
  MONTH TO DATE    0.41          1.93  -1.52     1.95
  SINCE MAR 1      3.38          3.93  -0.55     4.48
  SINCE JAN 1      5.56          5.64  -0.08     6.19

SNOWFALL (IN)
  YESTERDAY        0.0                           0.0
  MONTH TO DATE    1.5                           0.0
  SINCE JUL 1     24.1                          11.8
  SNOW DEPTH       0

DEGREE DAYS
 HEATING
  YESTERDAY       16            13      3       16
  MONTH TO DATE  545           342    203      205
  SINCE MAR 1   1312          1170    142      885
  SINCE JUL 1   5989          6001    -12     4762

 COOLING
  YESTERDAY        0             0      0        0
  MONTH TO DATE    0             0      0        3
  SINCE MAR 1      0             0      0        3
  SINCE JAN 1      0             0      0        3
......................................................


WIND (MPH)
  HIGHEST WIND SPEED    MM   HIGHEST WIND DIRECTION    MM
  HIGHEST GUST SPEED    15   HIGHEST GUST DIRECTION    MM


SKY COVER
  POSSIBLE SUNSHINE  MM


WEATHER CONDITIONS
 THE FOLLOWING WEATHER WAS RECORDED YESTERDAY.
  LIGHT RAIN


..........................................................


THE VALLEY  NWS, NEBRASKA CLIMATE NORMALS FOR TODAY
                         NORMAL
 MAXIMUM TEMPERATURE (F)   64
 MINIMUM TEMPERATURE (F)   42


SUNRISE AND SUNSET
APRIL 22 2018.........SUNRISE   635 AM CDT   SUNSET   813 PM CDT
APRIL 23 2018.........SUNRISE   634 AM CDT   SUNSET   814 PM CDT


-  INDICATES NEGATIVE NUMBERS.
R  INDICATES RECORD WAS SET OR TIED.
MM INDICATES DATA IS MISSING.
T  INDICATES TRACE AMOUNT.




$$
