000
CDUS43 KGID 250655
CLIODX


CLIMATE REPORT
NATIONAL WEATHER SERVICE HASTINGS NE
154 AM CDT WED APR 25 2018


...................................

...THE ORD NE CLIMATE SUMMARY FOR APRIL 24 2018...

CLIMATE NORMAL PERIOD 1981 TO 2010
CLIMATE RECORD PERIOD 1895 TO 2018


WEATHER ITEM   OBSERVED TIME   NORMAL DEPARTURE LAST
                VALUE   (LST)  VALUE  FROM      YEAR
                                      NORMAL
......................................................
TEMPERATURE (F)
 YESTERDAY
  MAXIMUM         51    523 AM  64    -13       69
  MINIMUM         40   1159 PM  39      1       48
  AVERAGE         46            52     -6       59

PRECIPITATION (IN)
  YESTERDAY        0.27          0.10   0.17      T
  MONTH TO DATE    1.18          1.95  -0.77     1.67
  SINCE MAR 1      1.80          3.40  -1.60     3.50
  SINCE JAN 1      3.16          4.21  -1.05     5.44

DEGREE DAYS
 HEATING
  YESTERDAY       19            14      5        6
  MONTH TO DATE  661           414    247      298
  SINCE MAR 1   1501          1260    241     1027
  SINCE JUL 1   6638          6277    361     5538

 COOLING
  YESTERDAY        0             0      0        0
  MONTH TO DATE    0             0      0        0
  SINCE MAR 1      0             0      0        0
  SINCE JAN 1      0             0      0        0
......................................................


WIND (MPH)
  HIGHEST WIND SPEED    28   HIGHEST WIND DIRECTION    NW (320)
  HIGHEST GUST SPEED    36   HIGHEST GUST DIRECTION    NW (330)
  AVERAGE WIND SPEED    15.3


SKY COVER
  AVERAGE SKY COVER 1.0


WEATHER CONDITIONS
 THE FOLLOWING WEATHER WAS RECORDED YESTERDAY.
  RAIN
  LIGHT RAIN
  FOG
  HAZE


RELATIVE HUMIDITY (PERCENT)
 HIGHEST   100           600 PM
 LOWEST     76           700 AM
 AVERAGE    88

..........................................................


THE ORD NE CLIMATE NORMALS FOR TODAY
                         NORMAL
 MAXIMUM TEMPERATURE (F)   65
 MINIMUM TEMPERATURE (F)   39


SUNRISE AND SUNSET
APRIL 25 2018.........SUNRISE   641 AM CDT   SUNSET   827 PM CDT
APRIL 26 2018.........SUNRISE   639 AM CDT   SUNSET   828 PM CDT


-  INDICATES NEGATIVE NUMBERS.
R  INDICATES RECORD WAS SET OR TIED.
MM INDICATES DATA IS MISSING.
T  INDICATES TRACE AMOUNT.




$$
