000
CDUS42 KCAE 200524
CLIOGB


CLIMATE REPORT
NATIONAL WEATHER SERVICE COLUMBIA SC
124 AM EDT FRI APR 20 2018


...................................

...THE ORANGEBURG AIRPORT SC CLIMATE SUMMARY FOR APRIL 19 2018...

CLIMATE NORMAL PERIOD 1981 TO 2010
CLIMATE RECORD PERIOD 9999 TO 9999


WEATHER ITEM   OBSERVED TIME   NORMAL DEPARTURE LAST
                VALUE   (LST)  VALUE  FROM      YEAR
                                      NORMAL
......................................................
TEMPERATURE (F)
 YESTERDAY
  MAXIMUM         82    323 PM  77      5       81
  MINIMUM         54   1159 PM  51      3       MM
  AVERAGE         68            64      4       MM

PRECIPITATION (IN)
  YESTERDAY        0.00          0.10  -0.10     0.00
  MONTH TO DATE    2.16          1.96   0.20     1.82
  SINCE MAR 1      4.07          5.94  -1.87     3.58
  SINCE JAN 1      6.92         13.51  -6.59    10.23

DEGREE DAYS
 HEATING
  YESTERDAY        0             3     -3       MM
  MONTH TO DATE  110            85     25       36
  SINCE MAR 1    451           362     89      308
  SINCE JUL 1   2156          2294   -138     1617

 COOLING
  YESTERDAY        3             2      1       MM
  MONTH TO DATE   22            33    -11       49
  SINCE MAR 1     33            50    -17       95
  SINCE JAN 1     90            53     37      121
......................................................


WIND (MPH)
  HIGHEST WIND SPEED    28   HIGHEST WIND DIRECTION     W (280)
  HIGHEST GUST SPEED    35   HIGHEST GUST DIRECTION     W (290)
  AVERAGE WIND SPEED    15.0


SKY COVER
  AVERAGE SKY COVER 0.1


WEATHER CONDITIONS
 THE FOLLOWING WEATHER WAS RECORDED YESTERDAY.
  NO SIGNIFICANT WEATHER WAS OBSERVED.


RELATIVE HUMIDITY (PERCENT)
 HIGHEST    78           700 AM
 LOWEST     18           400 PM

..........................................................


THE ORANGEBURG AIRPORT SC CLIMATE NORMALS FOR TODAY
                         NORMAL    RECORD    YEAR
 MAXIMUM TEMPERATURE (F)   78        MM        MM
 MINIMUM TEMPERATURE (F)   51        MM        MM


SUNRISE AND SUNSET
APRIL 20 2018.........SUNRISE   647 AM EDT   SUNSET   758 PM EDT
APRIL 21 2018.........SUNRISE   646 AM EDT   SUNSET   759 PM EDT


-  INDICATES NEGATIVE NUMBERS.
R  INDICATES RECORD WAS SET OR TIED.
MM INDICATES DATA IS MISSING.
T  INDICATES TRACE AMOUNT.




$$
