000
CDUS46 KSGX 211131
CLIOKB


CLIMATE REPORT
NATIONAL WEATHER SERVICE SAN DIEGO, CA
430 AM PDT SAT APR 21 2018


...................................

...THE OCEANSIDE AIRPORT CA CLIMATE SUMMARY FOR APRIL 20 2018...

CLIMATE NORMAL PERIOD 1981 TO 2010
CLIMATE RECORD PERIOD 1999 TO 2018


WEATHER ITEM   OBSERVED TIME   RECORD YEAR NORMAL DEPARTURE LAST
                VALUE   (LST)  VALUE       VALUE  FROM      YEAR
                                                  NORMAL
..................................................................
TEMPERATURE (F)
 YESTERDAY
  MAXIMUM         71   1054 AM  98    2009  68      3       72
  MINIMUM         44    404 AM  42    2013  50     -6       51
                                      2002
  AVERAGE         58                        59     -1       62

PRECIPITATION (IN)
  YESTERDAY        0.00          0.62 2007   0.04  -0.04     0.00
  MONTH TO DATE    0.06                      0.69  -0.63     0.02
  SINCE OCT 1      4.74                     12.50  -7.76    13.65
  SINCE JAN 1      4.70                      8.62  -3.92     8.50

DEGREE DAYS
 HEATING
  YESTERDAY        7                         6      1        3
  MONTH TO DATE  116                       141    -25       98
  SINCE MAR 1    396                       431    -35      311
  SINCE JUL 1   1362                      1839   -477     1326

 COOLING
  YESTERDAY        0                         0      0        0
  MONTH TO DATE    2                         0      2        0
  SINCE MAR 1      2                         1      1        0
  SINCE JAN 1      5                         1      4        0
..................................................................


WIND (MPH)
  RESULTANT WIND SPEED   2   RESULTANT WIND DIRECTION   W (260)
  HIGHEST WIND SPEED    21   HIGHEST WIND DIRECTION     W (250)
  HIGHEST GUST SPEED    25   HIGHEST GUST DIRECTION    SW (240)
  AVERAGE WIND SPEED     6.5


SKY COVER
  POSSIBLE SUNSHINE  MM
  AVERAGE SKY COVER 0.1


WEATHER CONDITIONS
 THE FOLLOWING WEATHER WAS RECORDED YESTERDAY.
  NO SIGNIFICANT WEATHER WAS OBSERVED.


RELATIVE HUMIDITY (PERCENT)
 HIGHEST    92           300 AM
 LOWEST     37          1000 AM
 AVERAGE    65

..........................................................


THE OCEANSIDE AIRPORT CA CLIMATE NORMALS FOR TODAY
                         NORMAL    RECORD    YEAR
 MAXIMUM TEMPERATURE (F)   68        86      2009
 MINIMUM TEMPERATURE (F)   50        42      2008
                                             2002


SUNRISE AND SUNSET
APRIL 21 2018.........SUNRISE   612 AM PDT   SUNSET   724 PM PDT
APRIL 22 2018.........SUNRISE   611 AM PDT   SUNSET   725 PM PDT


-  INDICATES NEGATIVE NUMBERS.
R  INDICATES RECORD WAS SET OR TIED.
MM INDICATES DATA IS MISSING.
T  INDICATES TRACE AMOUNT.




$$
