000
CDUS44 KOUN 262214
CLIOKC

CLIMATE REPORT
NATIONAL WEATHER SERVICE NORMAN OK
514 PM CDT THU APR 26 2018


...................................

...THE OKLAHOMA CITY CLIMATE SUMMARY FOR APRIL 26 2018...
VALID TODAY AS OF 0500 PM LOCAL TIME.

CLIMATE NORMAL PERIOD 1981 TO 2010
CLIMATE RECORD PERIOD 1890 TO 2018


WEATHER ITEM   OBSERVED TIME   RECORD YEAR NORMAL DEPARTURE LAST
                VALUE   (LST)  VALUE       VALUE  FROM      YEAR
                                                  NORMAL
..................................................................
TEMPERATURE (F)
 TODAY
  MAXIMUM         68    340 PM  92    1896  75     -7       58
  MINIMUM         36    514 AM  35    1907  53    -17       40
  AVERAGE         52                        64    -12       49

PRECIPITATION (IN)
  TODAY            0.00          2.77 1998   0.13  -0.13      T
  MONTH TO DATE    2.28                      2.55  -0.27     3.84
  SINCE MAR 1      2.89                      5.61  -2.72     6.44
  SINCE JAN 1      5.72                      8.58  -2.86    11.13

SNOWFALL (IN)
  TODAY            0.0           0.0    MM   0.0    0.0      0.0
  MONTH TO DATE    T                         0.0    0.0      0.0
  SINCE MAR 1      T                         0.9   -0.9      0.0
  SINCE JUL 1      0.4                       7.6   -7.2      2.1

DEGREE DAYS
 HEATING
  TODAY           13                         3     10       16
  MONTH TO DATE  328                       161    167      111
  SINCE MAR 1    683                       570    113      395
  SINCE JUL 1   3552                      3320    232     2615

 COOLING
  TODAY            0                         3     -3        0
  MONTH TO DATE   20                        41    -21       42
  SINCE MAR 1     26                        53    -27       90
  SINCE JAN 1     30                        54    -24       99
..................................................................


WIND (MPH)
  HIGHEST WIND SPEED    10   HIGHEST WIND DIRECTION    NE (30)
  HIGHEST GUST SPEED    14   HIGHEST GUST DIRECTION     N (10)
  AVERAGE WIND SPEED     4.0


SKY COVER
  AVERAGE SKY COVER 0.3


WEATHER CONDITIONS
 THE FOLLOWING WEATHER WAS RECORDED TODAY.
  FOG


RELATIVE HUMIDITY (PERCENT)
 HIGHEST   100           600 AM
 LOWEST     35           300 PM
 AVERAGE    68

..........................................................


THE OKLAHOMA CITY CLIMATE NORMALS FOR TOMORROW
                         NORMAL    RECORD    YEAR
 MAXIMUM TEMPERATURE (F)   76        91      1959
 MINIMUM TEMPERATURE (F)   54        35      1920


SUNRISE AND SUNSET
APRIL 26 2018.........SUNRISE   644 AM CDT   SUNSET   812 PM CDT
APRIL 27 2018.........SUNRISE   643 AM CDT   SUNSET   813 PM CDT


-  INDICATES NEGATIVE NUMBERS.
R  INDICATES RECORD WAS SET OR TIED.
MM INDICATES DATA IS MISSING.
T  INDICATES TRACE AMOUNT.

$$
