000
CDUS43 KOAX 270625
CLIOMA


CLIMATE REPORT
NATIONAL WEATHER SERVICE OMAHA NEBRASKA
124 AM CDT SUN MAY 27 2018


...................................

...THE OMAHA EPPLEY, NEBRASKA CLIMATE SUMMARY FOR MAY 26 2018...

CLIMATE NORMAL PERIOD 1981 TO 2010
CLIMATE RECORD PERIOD 1871 TO 2018


WEATHER ITEM   OBSERVED TIME   RECORD YEAR NORMAL DEPARTURE LAST
                VALUE   (LST)  VALUE       VALUE  FROM      YEAR
                                                  NORMAL
..................................................................
TEMPERATURE (F)
 YESTERDAY
  MAXIMUM        100R   521 PM  96    1912  77     23       81
  MINIMUM         64    514 AM  41    1992  54     10       57
  AVERAGE         82                        66     16       69

PRECIPITATION (IN)
  YESTERDAY        0.00          3.10 1987   0.16  -0.16      T
  MONTH TO DATE    1.88                      3.95  -2.07     4.32
  SINCE MAR 1      4.97                      8.90  -3.93     9.13
  SINCE JAN 1      6.71                     10.47  -3.76    11.03

SNOWFALL (IN)
  YESTERDAY        0.0                       0.0    0.0      0.0
  MONTH TO DATE    0.0                       0.1   -0.1       T
  SINCE JUL 1     17.0                      26.5   -9.5     11.4
  SNOW DEPTH       0

DEGREE DAYS
 HEATING
  YESTERDAY        0                         3     -3        0
  MONTH TO DATE   33                       137   -104      126
  SINCE MAR 1   1393                      1341     52     1107
  SINCE JUL 1   6040                      6139    -99     4934

 COOLING
  YESTERDAY       17                         3     14        4
  MONTH TO DATE  134                        47     87       73
  SINCE MAR 1    143                        63     80       81
  SINCE JAN 1    143                        63     80       81
..................................................................


WIND (MPH)
  HIGHEST WIND SPEED    12   HIGHEST WIND DIRECTION    NE (30)
  HIGHEST GUST SPEED    15   HIGHEST GUST DIRECTION    NE (40)
  AVERAGE WIND SPEED     2.9


SKY COVER
  POSSIBLE SUNSHINE  MM
  AVERAGE SKY COVER 0.1


WEATHER CONDITIONS
 THE FOLLOWING WEATHER WAS RECORDED YESTERDAY.
  NO SIGNIFICANT WEATHER WAS OBSERVED.


RELATIVE HUMIDITY (PERCENT)
 HIGHEST    90          1200 AM
 LOWEST     22           100 PM
 AVERAGE    56

..........................................................


THE OMAHA EPPLEY, NEBRASKA CLIMATE NORMALS FOR TODAY
                         NORMAL    RECORD    YEAR
 MAXIMUM TEMPERATURE (F)   77        94      2012
 MINIMUM TEMPERATURE (F)   55        38      1907


SUNRISE AND SUNSET
MAY 27 2018...........SUNRISE   555 AM CDT   SUNSET   847 PM CDT
MAY 28 2018...........SUNRISE   555 AM CDT   SUNSET   847 PM CDT


-  INDICATES NEGATIVE NUMBERS.
R  INDICATES RECORD WAS SET OR TIED.
MM INDICATES DATA IS MISSING.
T  INDICATES TRACE AMOUNT.




$$
