843
CDAK49 PAFG 270116
CLIOME

CLIMATE REPORT
NATIONAL WEATHER SERVICE FAIRBANKS AK
516 PM AKDT THU APR 26 2018


...................................

...THE NOME AK CLIMATE SUMMARY FOR APRIL 26 2018...
VALID TODAY AS OF 0400 PM LOCAL TIME.

CLIMATE NORMAL PERIOD 1981 TO 2010
CLIMATE RECORD PERIOD 1906 TO 2018


WEATHER ITEM   OBSERVED TIME   RECORD YEAR NORMAL DEPARTURE LAST
                VALUE   (LST)  VALUE       VALUE  FROM      YEAR
                                                  NORMAL
..................................................................
TEMPERATURE (F)
 TODAY
  MAXIMUM         30    259 PM  52    2016  33     -3       44
                                      1940
  MINIMUM         28    923 AM -15    1964  20      8       35
  AVERAGE         29                        27      2       40

PRECIPITATION (IN)
  TODAY            0.04          0.22 1937   0.03   0.01      T
  MONTH TO DATE    0.53                      0.65  -0.12     0.11
  SINCE MAR 1      3.01                      1.30   1.71     0.12
  SINCE JAN 1      4.93                      3.17   1.76     1.87

SNOWFALL (IN)
  TODAY            0.8           2.2  1937   0.2    0.6      0.0
  MONTH TO DATE    2.4                       6.8   -4.4      1.1
  SINCE MAR 1     36.4                      15.7   20.7      2.0
  SINCE JUL 1    109.7                      72.4   37.3     54.2
  SNOW DEPTH      16

DEGREE DAYS
 HEATING
  TODAY           36                        38     -2       25
  MONTH TO DATE 1006                      1187   -181      916
  SINCE MAR 1   2489                      2883   -394     2904
  SINCE JUL 1  10670                     12162  -1492    11699

 COOLING
  TODAY            0                         0      0        0
  MONTH TO DATE    0                         0      0        0
  SINCE MAR 1      0                         0      0        0
  SINCE JAN 1      0                         0      0        0
..................................................................


WIND (MPH)
  HIGHEST GUST SPEED    27   HIGHEST GUST DIRECTION     S (160)


SKY COVER
  AVERAGE SKY COVER 0.9


WEATHER CONDITIONS
 THE FOLLOWING WEATHER WAS RECORDED TODAY.
  LIGHT SNOW
  FOG


RELATIVE HUMIDITY (PERCENT)
 HIGHEST   100
 LOWEST     92
 AVERAGE    96

..........................................................


THE NOME AK CLIMATE NORMALS FOR TOMORROW
                         NORMAL    RECORD    YEAR
 MAXIMUM TEMPERATURE (F)   33        60      1940
 MINIMUM TEMPERATURE (F)   21       -15      1964


SUNRISE AND SUNSET
APRIL 26 2018.........SUNRISE   648 AM AKDT  SUNSET  1114 PM AKDT
APRIL 27 2018.........SUNRISE   645 AM AKDT  SUNSET  1117 PM AKDT

-  INDICATES NEGATIVE NUMBERS.
R  INDICATES RECORD WAS SET OR TIED.
MM INDICATES DATA IS MISSING.
T  INDICATES TRACE AMOUNT.

&&

SNOW DEPTH IS MEASURED AT 3AM AKST/4AM AKDT.

----------------------------
AVAILABLE DAYLIGHT

AMOUNT OF DAYLIGHT TODAY  (HOUR:MIN)........16:26
GAIN/LOSS SINCE YESTERDAY (HOUR:MIN:SEC)....+0:06:49

NOME TIDAL INFORMATION FOR 27 APRIL 2018
0206  +0.7
0831  -0.4
1521  +0.9
2114  +0.0

$$
HFL APR 18
