000
CDUS43 KDMX 190655 RRA
CLIOTM

CLIMATE REPORT
NATIONAL WEATHER SERVICE DES MOINES IA
155 AM CDT THU APR 19 2018

...................................

...THE OTTUMWA IA CLIMATE SUMMARY FOR APRIL 18 2018...

CLIMATE NORMAL PERIOD 1981 TO 2010
CLIMATE RECORD PERIOD 1920 TO 2018


WEATHER ITEM   OBSERVED TIME   RECORD YEAR NORMAL DEPARTURE LAST
                VALUE   (LST)  VALUE       VALUE  FROM      YEAR
                                                  NORMAL
..................................................................
TEMPERATURE (F)
 YESTERDAY
  MAXIMUM         38    143 AM  87    1985  63    -25       78
  MINIMUM         30   1159 PM  19    1983  40    -10       50
  AVERAGE         34                        52    -18       64

PRECIPITATION (IN)
  YESTERDAY        0.03          1.26 1927   0.12  -0.09      T
  MONTH TO DATE    0.47                      1.84  -1.37     2.86
  SINCE MAR 1      2.83                      4.08  -1.25     6.06
  SINCE JAN 1      5.38                      6.26  -0.88     7.65

DEGREE DAYS
 HEATING
  YESTERDAY       31                        14     17        1
  MONTH TO DATE  506                       299    207      168
  SINCE MAR 1   1362                      1110    252      895
  SINCE JUL 1   6055                      5995     60     4702

 COOLING
  YESTERDAY        0                         0      0        0
  MONTH TO DATE    0                         0      0       11
  SINCE MAR 1      0                         1     -1       11
  SINCE JAN 1      0                         1     -1       11
..................................................................


WIND (MPH)
  HIGHEST WIND SPEED    30   HIGHEST WIND DIRECTION     E (90)
  HIGHEST GUST SPEED    38   HIGHEST GUST DIRECTION     E (90)
  AVERAGE WIND SPEED    15.3


SKY COVER
  POSSIBLE SUNSHINE  MM
  AVERAGE SKY COVER 0.9


WEATHER CONDITIONS
 THE FOLLOWING WEATHER WAS RECORDED YESTERDAY.
  LIGHT RAIN
  LIGHT SNOW
  FOG
  HAZE


RELATIVE HUMIDITY (PERCENT)
 HIGHEST    96           100 PM
 LOWEST     64           200 AM
 AVERAGE    80

..........................................................


THE OTTUMWA IA CLIMATE NORMALS FOR TODAY
                         NORMAL    RECORD    YEAR
 MAXIMUM TEMPERATURE (F)   64        85      1985
 MINIMUM TEMPERATURE (F)   41        26      1949


SUNRISE AND SUNSET
APRIL 19 2018.........SUNRISE   624 AM CDT   SUNSET   754 PM CDT
APRIL 20 2018.........SUNRISE   623 AM CDT   SUNSET   755 PM CDT


-  INDICATES NEGATIVE NUMBERS.
R  INDICATES RECORD WAS SET OR TIED.
MM INDICATES DATA IS MISSING.
T  INDICATES TRACE AMOUNT.

$$

SMALL
