000
CDAK49 PAFG 260950
CLIOTZ

CLIMATE REPORT
NATIONAL WEATHER SERVICE FAIRBANKS AK
150 AM AKDT THU APR 26 2018


...................................

...THE KOTZEBUE AK CLIMATE SUMMARY FOR APRIL 25 2018...

CLIMATE NORMAL PERIOD 1981 TO 2010
CLIMATE RECORD PERIOD 1920 TO 2018


WEATHER ITEM   OBSERVED TIME   RECORD YEAR NORMAL DEPARTURE LAST
                VALUE   (LST)  VALUE       VALUE  FROM      YEAR
                                                  NORMAL
..................................................................
TEMPERATURE (F)
 YESTERDAY
  MAXIMUM         36    637 PM  44    1931  27      9       38
  MINIMUM         32   1214 AM -23    1960  13     19       21
  AVERAGE         34                        20     14       30

PRECIPITATION (IN)
  YESTERDAY        0.01          0.37 2002   0.02  -0.01     0.00
  MONTH TO DATE    0.11                      0.44  -0.33     0.05
  SINCE MAR 1      2.16                      0.88   1.28     0.08
  SINCE JAN 1      3.54                      2.16   1.38     1.67

SNOWFALL (IN)
  YESTERDAY        0.0             3.7  2002   0.1  0.0      0.0
  MONTH TO DATE    0.2                       4.4   -4.2      1.3
  SINCE MAR 1     24.5                      10.3   14.2      2.0
  SINCE JUL 1    103.9                      57.9   46.0     52.2
  SNOW DEPTH      47

DEGREE DAYS
 HEATING
  YESTERDAY       31                        45    -14       35
  MONTH TO DATE 1133                      1336   -203     1065
  SINCE MAR 1   2744                      3318   -574     3234
  SINCE JUL 1  11430                     13563  -2133    12093

 COOLING
  YESTERDAY        0                         0      0        0
  MONTH TO DATE    0                         0      0        0
  SINCE MAR 1      0                         0      0        0
  SINCE JAN 1      0                         0      0        0
..................................................................


WIND (MPH)
  HIGHEST GUST SPEED    33   HIGHEST GUST DIRECTION    SE (140)


SKY COVER
  AVERAGE SKY COVER 0.7


WEATHER CONDITIONS
 THE FOLLOWING WEATHER WAS RECORDED YESTERDAY.
  LIGHT RAIN
  FOG


RELATIVE HUMIDITY (PERCENT)
 HIGHEST    89
 LOWEST     82
 AVERAGE    86

..........................................................


THE KOTZEBUE AK CLIMATE NORMALS FOR TODAY
                         NORMAL    RECORD    YEAR
 MAXIMUM TEMPERATURE (F)   28        46      1997
 MINIMUM TEMPERATURE (F)   13       -17      1960


SUNRISE AND SUNSET
APRIL 26 2018.........SUNRISE   620 AM AKDT  SUNSET  1121 PM AKDT
APRIL 27 2018.........SUNRISE   615 AM AKDT  SUNSET  1124 PM AKDT

-  INDICATES NEGATIVE NUMBERS.
R  INDICATES RECORD WAS SET OR TIED.
MM INDICATES DATA IS MISSING.
T  INDICATES TRACE AMOUNT.

&&

SNOW DEPTH IS MEASURED AT 3AM AKST/4AM AKDT.

----------------------------
AVAILABLE DAYLIGHT

AMOUNT OF DAYLIGHT TODAY  (HOUR:MIN)........17:01
GAIN/LOSS SINCE YESTERDAY (HOUR:MIN:SEC)....+0:08:01

$$
APR 18
