000
CDUS43 KDDC 210707
CLIP28


CLIMATE REPORT
NATIONAL WEATHER SERVICE DODGE CITY KS
206 AM CDT SAT APR 21 2018


...................................

...THE MEDICINE LODGE KS CLIMATE SUMMARY FOR APRIL 20 2018...

CLIMATE NORMAL PERIOD 1981 TO 2010
CLIMATE RECORD PERIOD 1893 TO 2018


WEATHER ITEM   OBSERVED TIME   RECORD YEAR NORMAL DEPARTURE LAST
                VALUE   (LST)  VALUE       VALUE  FROM      YEAR
                                                  NORMAL
..................................................................
TEMPERATURE (F)
 YESTERDAY
  MAXIMUM         65    338 PM  97    1925  70     -5       72
  MINIMUM         40    354 AM  28    1953  45     -5       55
  AVERAGE         53                        58     -5       64

PRECIPITATION (IN)
  YESTERDAY        0.21          2.35 2005   0.09   0.12     0.00
  MONTH TO DATE    0.39                      1.46  -1.07     1.46
  SINCE MAR 1      1.41                      3.72  -2.31     3.69
  SINCE JAN 1      1.79                      5.47  -3.68     7.61

SNOWFALL (IN)
  YESTERDAY       MM            MM      MM   0.0             0.0
  MONTH TO DATE    0.0                       0.0             0.0
  SINCE MAR 1      0.0                       0.1             0.0
  SINCE JUL 1      T                         8.5             1.4
  SNOW DEPTH       0

DEGREE DAYS
 HEATING
  YESTERDAY       12                         8      4        1
  MONTH TO DATE  358                       223    135      127
  SINCE MAR 1    849                       791     58      571
  SINCE JUL 1   4228                      4320    -92     3572

 COOLING
  YESTERDAY        0                         1     -1        0
  MONTH TO DATE   17                        12      5       28
  SINCE MAR 1     17                        14      3       40
  SINCE JAN 1     17                        14      3       40
..................................................................


WIND (MPH)
  HIGHEST WIND SPEED    24   HIGHEST WIND DIRECTION    SE (130)
  HIGHEST GUST SPEED    41   HIGHEST GUST DIRECTION    SE (120)
  AVERAGE WIND SPEED    10.8




RELATIVE HUMIDITY (PERCENT)
 HIGHEST    80          1100 PM
 LOWEST     31           200 PM
 AVERAGE    56

..........................................................


THE MEDICINE LODGE KS CLIMATE NORMALS FOR TODAY
                         NORMAL    RECORD    YEAR
 MAXIMUM TEMPERATURE (F)   70        95      1963
 MINIMUM TEMPERATURE (F)   46        23      1966


SUNRISE AND SUNSET
APRIL 21 2018.........SUNRISE   652 AM CDT   SUNSET   815 PM CDT
APRIL 22 2018.........SUNRISE   650 AM CDT   SUNSET   816 PM CDT


-  INDICATES NEGATIVE NUMBERS.
R  INDICATES RECORD WAS SET OR TIED.
MM INDICATES DATA IS MISSING.
T  INDICATES TRACE AMOUNT.




$$
