971
CDUS46 KPDT 251117
CLIPDT

CLIMATE REPORT
NATIONAL WEATHER SERVICE PENDLETON OR
153 AM PDT WED APR 25 2018


...................................

...THE PENDLETON OR CLIMATE SUMMARY FOR APRIL 24 2018...

CLIMATE NORMAL PERIOD 1981 TO 2010
CLIMATE RECORD PERIOD 1890 TO 2018


WEATHER ITEM   OBSERVED TIME   RECORD YEAR NORMAL DEPARTURE LAST
                VALUE   (LST)  VALUE       VALUE  FROM      YEAR
                                                  NORMAL
..................................................................
TEMPERATURE (F)
 YESTERDAY
  MAXIMUM         76    250 PM  91    1977  64     12       55
  MINIMUM         36    429 AM  21    1924  40     -4       44
  AVERAGE         56                        52      4       50

PRECIPITATION (IN)
  YESTERDAY        0.00          0.49 1974   0.04  -0.04     0.31
  MONTH TO DATE    1.37                      0.95   0.42     1.59
  SINCE OCT 1      9.27                      8.81   0.46    13.38
  SINCE JAN 1      5.08                      4.81   0.27     7.86

SNOWFALL (IN)
  YESTERDAY        0.0           0.0  2002   0.0    0.0      0.0
                                      2001
                                      2000
  MONTH TO DATE    T                         0.0    0.0       T
  SINCE JAN 1      5.0                       7.7   -2.7     25.9
  SINCE JUL 1     15.0                      15.2   -0.2     44.4
  SNOW DEPTH       0

DEGREE DAYS
 HEATING
  YESTERDAY        9                        13     -4       15
  MONTH TO DATE  364                       358      6      373
  SINCE MAR 1   1002                       975     27      958
  SINCE JUL 1   4779                      4874    -95     5260

 COOLING
  YESTERDAY        0                         0      0        0
  MONTH TO DATE    0                         0      0        0
  SINCE MAR 1      0                         0      0        0
  SINCE JAN 1      0                         0      0        0
..................................................................


WIND (MPH)
  HIGHEST WIND SPEED    21   HIGHEST WIND DIRECTION     N (350)
  HIGHEST GUST SPEED    25   HIGHEST GUST DIRECTION     N (360)
  AVERAGE WIND SPEED     8.8


SKY COVER
  POSSIBLE SUNSHINE  MM
  AVERAGE SKY COVER 0.0


WEATHER CONDITIONS
 THE FOLLOWING WEATHER WAS RECORDED YESTERDAY.
  NO SIGNIFICANT WEATHER WAS OBSERVED.


RELATIVE HUMIDITY (PERCENT)
 HIGHEST    76           300 AM
 LOWEST     22          1200 PM
 AVERAGE    49

..........................................................


THE PENDLETON OR CLIMATE NORMALS FOR TODAY
                         NORMAL    RECORD    YEAR
 MAXIMUM TEMPERATURE (F)   64        94      1910
 MINIMUM TEMPERATURE (F)   40        22      1924


SUNRISE AND SUNSET
APRIL 25 2018.........SUNRISE   552 AM PDT   SUNSET   755 PM PDT
APRIL 26 2018.........SUNRISE   551 AM PDT   SUNSET   756 PM PDT


-  INDICATES NEGATIVE NUMBERS.
R  INDICATES RECORD WAS SET OR TIED.
MM INDICATES DATA IS MISSING.
T  INDICATES TRACE AMOUNT.




$$
