000
CDUS46 KPQR 202321
CLIPDX


CLIMATE REPORT
NATIONAL WEATHER SERVICE PORTLAND OREGON
421 PM PDT FRI APR 20 2018


...................................

...THE PORTLAND OR CLIMATE SUMMARY FOR APRIL 20 2018...
VALID TODAY AS OF 0400 PM LOCAL TIME.

CLIMATE NORMAL PERIOD 1981 TO 2010
CLIMATE RECORD PERIOD 1940 TO 2018


WEATHER ITEM   OBSERVED TIME   RECORD YEAR NORMAL DEPARTURE LAST
                VALUE   (LST)  VALUE       VALUE  FROM      YEAR
                                                  NORMAL
..................................................................
TEMPERATURE (F)
 TODAY
  MAXIMUM         65    259 PM  84    1956  62      3       60
  MINIMUM         41    542 AM  33    1975  44     -3       43
  AVERAGE         53                        53      0       52

PRECIPITATION (IN)
  TODAY            0.00          0.59 1958   0.09  -0.09     0.09
  MONTH TO DATE    3.24                      1.91   1.33     2.57
  SINCE OCT 1     27.06                     28.25  -1.19    44.07
  SINCE JAN 1     12.96                     14.13  -1.17    24.32

SNOWFALL (IN)
  TODAY            0.0           0.0  2016
  MONTH TO DATE    T
  SINCE MAR 1      T
  SINCE JUL 1      7.6

DEGREE DAYS
 HEATING
  TODAY           12                        12      0       13
  MONTH TO DATE  270                       271     -1      288
  SINCE MAR 1    816                       793     23      818
  SINCE JUL 1   3737                      3851   -114     4023

 COOLING
  TODAY            0                         0      0        0
  MONTH TO DATE    0                         0      0        0
  SINCE MAR 1      0                         0      0        0
  SINCE JAN 1      0                         0      0        0
..................................................................


WIND (MPH)
  HIGHEST WIND SPEED     8   HIGHEST WIND DIRECTION    NW (310)
  HIGHEST GUST SPEED     9   HIGHEST GUST DIRECTION    NW (320)
  AVERAGE WIND SPEED     2.3



WEATHER CONDITIONS
 THE FOLLOWING WEATHER WAS RECORDED TODAY.
  NO SIGNIFICANT WEATHER WAS OBSERVED.


RELATIVE HUMIDITY (PERCENT)
 HIGHEST    83           300 AM
 LOWEST     37           300 PM
 AVERAGE    60

..........................................................


THE PORTLAND OR CLIMATE NORMALS FOR TOMORROW
                         NORMAL    RECORD    YEAR
 MAXIMUM TEMPERATURE (F)   62        82      2009
 MINIMUM TEMPERATURE (F)   44        29      1951


SUNRISE AND SUNSET
APRIL 20 2018.........SUNRISE   616 AM PDT   SUNSET   803 PM PDT
APRIL 21 2018.........SUNRISE   614 AM PDT   SUNSET   805 PM PDT


-  INDICATES NEGATIVE NUMBERS.
R  INDICATES RECORD WAS SET OR TIED.
MM INDICATES DATA IS MISSING.
T  INDICATES TRACE AMOUNT.




$$
