000
CDUS45 KPSR 250812
CLIPHX

CLIMATE REPORT
NATIONAL WEATHER SERVICE PHOENIX AZ
112 AM MST FRI MAY 25 2018


...................................

...THE PHOENIX AZ CLIMATE SUMMARY FOR MAY 24 2018...

CLIMATE NORMAL PERIOD 1981 TO 2010
CLIMATE RECORD PERIOD 1895 TO 2018


WEATHER ITEM   OBSERVED TIME   RECORD YEAR NORMAL DEPARTURE LAST
                VALUE   (LST)  VALUE       VALUE  FROM      YEAR
                                                  NORMAL
..................................................................
TEMPERATURE (F)
 YESTERDAY
  MAXIMUM        100    356 PM 109    2001  97      3      108
                                      1983
  MINIMUM         72    529 AM  52    1909  72      0       75
  AVERAGE         86                        84      2       92

PRECIPITATION (IN)
  YESTERDAY        0.00          0.34 1994   0.00   0.00     0.00
  MONTH TO DATE    0.00                      0.09  -0.09     0.01
  SINCE OCT 1      1.00                      5.30  -4.30     4.24
  SINCE JAN 1      0.77                      3.19  -2.42     2.41

SNOWFALL (IN)
  YESTERDAY        0.0
  MONTH TO DATE    0.0
  SINCE JAN 1      0.0
  SINCE JUL 1      0.0
  SNOW DEPTH       0

DEGREE DAYS
 HEATING
  YESTERDAY        0                         0      0        0
  MONTH TO DATE    0                         0      0        0
  SINCE MAR 1     35                       101    -66       25
  SINCE JUL 1    499                       934   -435      693

 COOLING
  YESTERDAY       21                        20      1       27
  MONTH TO DATE  435                       387     48      372
  SINCE MAR 1    916                       725    191      896
  SINCE JAN 1    938                       742    196      916
..................................................................


WIND (MPH)
  HIGHEST WIND SPEED    17   HIGHEST WIND DIRECTION     W (280)
  HIGHEST GUST SPEED    25   HIGHEST GUST DIRECTION     S (180)
  AVERAGE WIND SPEED     8.0


SKY COVER
  AVERAGE SKY COVER 0.0


WEATHER CONDITIONS
 THE FOLLOWING WEATHER WAS RECORDED YESTERDAY.
  NO SIGNIFICANT WEATHER WAS OBSERVED.


RELATIVE HUMIDITY (PERCENT)
 HIGHEST    27           600 AM
 LOWEST      7           700 PM
 AVERAGE    17

..........................................................


THE PHOENIX AZ CLIMATE NORMALS FOR TODAY
                         NORMAL    RECORD    YEAR
 MAXIMUM TEMPERATURE (F)   98       108      2001
 MINIMUM TEMPERATURE (F)   72        48      1965


SUNRISE AND SUNSET
MAY 25 2018...........SUNRISE   522 AM MST   SUNSET   728 PM MST
MAY 26 2018...........SUNRISE   521 AM MST   SUNSET   729 PM MST


-  INDICATES NEGATIVE NUMBERS.
R  INDICATES RECORD WAS SET OR TIED.
MM INDICATES DATA IS MISSING.
T  INDICATES TRACE AMOUNT.

&&
.....................................................................

DEW POINT
  HIGHEST DEW POINT    38
   LOWEST DEW POINT    21
  AVERAGE DEW POINT    31
.....................................................................

$$
