000
CDUS43 KILX 190640
CLIPIA


CLIMATE REPORT
NATIONAL WEATHER SERVICE LINCOLN IL
138 AM CDT THU APR 19 2018


...................................

...THE PEORIA IL CLIMATE SUMMARY FOR APRIL 18 2018...

CLIMATE NORMAL PERIOD 1981 TO 2010
CLIMATE RECORD PERIOD 1883 TO 2018


WEATHER ITEM   OBSERVED TIME   RECORD YEAR NORMAL DEPARTURE LAST
                VALUE   (LST)  VALUE       VALUE  FROM      YEAR
                                                  NORMAL
..................................................................
TEMPERATURE (F)
 YESTERDAY
  MAXIMUM         42   1228 PM  91    2002  64    -22       76
  MINIMUM         33    431 AM  24    1983  43    -10       50
  AVERAGE         38                        53    -15       63

PRECIPITATION (IN)
  YESTERDAY        T             1.37 2013   0.12  -0.12     0.00
  MONTH TO DATE    1.72                      2.11  -0.39     3.22
  SINCE MAR 1      5.44                      4.91   0.53     7.25
  SINCE JAN 1     11.86                      8.48   3.38     9.91

SNOWFALL (IN)
  YESTERDAY        T             0.7  1910   0.0    0.0      0.0
  MONTH TO DATE    2.5                       0.5    2.0      0.0
  SINCE MAR 1     11.8                       3.2    8.6      4.2
  SINCE JUL 1     32.1                      24.5    7.6     13.9
  SNOW DEPTH       0

DEGREE DAYS
 HEATING
  YESTERDAY       27                        12     15        2
  MONTH TO DATE  461                       273    188      150
  SINCE MAR 1   1272                      1029    243      842
  SINCE JUL 1   5632                      5545     87     4449

 COOLING
  YESTERDAY        0                         1     -1        0
  MONTH TO DATE    2                         1      1       10
  SINCE MAR 1      2                         2      0       10
  SINCE JAN 1      2                         2      0       10
..................................................................


WIND (MPH)
  HIGHEST WIND SPEED    22   HIGHEST WIND DIRECTION     E (100)
  HIGHEST GUST SPEED    32   HIGHEST GUST DIRECTION     E (100)
  AVERAGE WIND SPEED    10.6


SKY COVER
  POSSIBLE SUNSHINE  MM
  AVERAGE SKY COVER 0.8


WEATHER CONDITIONS
 THE FOLLOWING WEATHER WAS RECORDED YESTERDAY.
  LIGHT SNOW
  FOG


RELATIVE HUMIDITY (PERCENT)
 HIGHEST    89           800 PM
 LOWEST     62          1100 AM
 AVERAGE    76

..........................................................


THE PEORIA IL CLIMATE NORMALS FOR TODAY
                         NORMAL    RECORD    YEAR
 MAXIMUM TEMPERATURE (F)   64        84      1985
                                             1938
 MINIMUM TEMPERATURE (F)   43        22      1983


SUNRISE AND SUNSET
APRIL 19 2018.........SUNRISE   614 AM CDT   SUNSET   742 PM CDT
APRIL 20 2018.........SUNRISE   613 AM CDT   SUNSET   743 PM CDT


-  INDICATES NEGATIVE NUMBERS.
R  INDICATES RECORD WAS SET OR TIED.
MM INDICATES DATA IS MISSING.
T  INDICATES TRACE AMOUNT.




$$
