000
CDUS45 KPIH 250730
CLIPIH


CLIMATE REPORT
NATIONAL WEATHER SERVICE POCATELLO ID
130 AM MDT WED APR 25 2018


...................................

...THE POCATELLO ID CLIMATE SUMMARY FOR APRIL 24 2018...

CLIMATE NORMAL PERIOD 1981 TO 2010
CLIMATE RECORD PERIOD 1939 TO 2018


WEATHER ITEM   OBSERVED TIME   RECORD YEAR NORMAL DEPARTURE LAST
                VALUE   (LST)  VALUE       VALUE  FROM      YEAR
                                                  NORMAL
..................................................................
TEMPERATURE (F)
 YESTERDAY
  MAXIMUM         63    501 PM  85    1977  61      2       49
  MINIMUM         30    426 AM  18    1950  34     -4       40
  AVERAGE         47                        48     -1       45

PRECIPITATION (IN)
  YESTERDAY        0.00          0.42 1961   0.04  -0.04     0.21
  MONTH TO DATE    0.86                      0.88  -0.02     2.14
  SINCE OCT 1      6.89                      7.32  -0.43    15.59
  SINCE JAN 1      4.10                      4.10   0.00     9.03

SNOWFALL (IN)
  YESTERDAY        0.0
  MONTH TO DATE    T
  SINCE MAR 1      8.3
  SINCE JUL 1     30.5
  SNOW DEPTH       0

DEGREE DAYS
 HEATING
  YESTERDAY       18                        17      1       20
  MONTH TO DATE  426                       483    -57      472
  SINCE MAR 1   1237                      1322    -85     1140
  SINCE JUL 1   5945                      6595   -650     6389

 COOLING
  YESTERDAY        0                         0      0        0
  MONTH TO DATE    0                         0      0        0
  SINCE MAR 1      0                         0      0        0
  SINCE JAN 1      0                         0      0        0
..................................................................


WIND (MPH)
  HIGHEST WIND SPEED    22   HIGHEST WIND DIRECTION    NE (30)
  HIGHEST GUST SPEED    28   HIGHEST GUST DIRECTION    NE (50)
  AVERAGE WIND SPEED     9.3


SKY COVER
  POSSIBLE SUNSHINE  MM
  AVERAGE SKY COVER 0.1


WEATHER CONDITIONS
 THE FOLLOWING WEATHER WAS RECORDED YESTERDAY.
  NO SIGNIFICANT WEATHER WAS OBSERVED.


RELATIVE HUMIDITY (PERCENT)
 HIGHEST    89          1200 AM
 LOWEST     34           400 PM
 AVERAGE    62

..........................................................


THE POCATELLO ID CLIMATE NORMALS FOR TODAY
                         NORMAL    RECORD    YEAR
 MAXIMUM TEMPERATURE (F)   61        86      1946
 MINIMUM TEMPERATURE (F)   35        24      2013
                                             2009


SUNRISE AND SUNSET
APRIL 25 2018.........SUNRISE   633 AM MDT   SUNSET   824 PM MDT
APRIL 26 2018.........SUNRISE   631 AM MDT   SUNSET   826 PM MDT


-  INDICATES NEGATIVE NUMBERS.
R  INDICATES RECORD WAS SET OR TIED.
MM INDICATES DATA IS MISSING.
T  INDICATES TRACE AMOUNT.




$$
