000
CDUS43 KABR 230643
CLIPIR


CLIMATE REPORT
NATIONAL WEATHER SERVICE ABERDEEN SD
143 AM CDT MON APR 23 2018


...................................

...THE PIERRE SD CLIMATE SUMMARY FOR APRIL 22 2018...

CLIMATE NORMAL PERIOD 1981 TO 2010
CLIMATE RECORD PERIOD 1892 TO 2018


WEATHER ITEM   OBSERVED TIME   RECORD YEAR NORMAL DEPARTURE LAST
                VALUE   (LST)  VALUE       VALUE  FROM      YEAR
                                                  NORMAL
..................................................................
TEMPERATURE (F)
 YESTERDAY
  MAXIMUM         64    532 PM  90    1990  63      1       68
  MINIMUM         29    606 AM  19    2015  37     -8       35
  AVERAGE         47                        50     -3       52

PRECIPITATION (IN)
  YESTERDAY        0.00          0.67 1968   0.06  -0.06     0.00
  MONTH TO DATE    1.64                      1.21   0.43     1.73
  SINCE MAR 1      3.04                      2.44   0.60     2.07
  SINCE JAN 1      4.61                      3.45   1.16     3.30

SNOWFALL (IN)
  YESTERDAY        0.0           7.5  2001   0.2   -0.2      0.0
  MONTH TO DATE   16.0                       3.5   12.5       T
  SINCE OCT 1     48.0                      31.3   16.7     32.6
  SINCE JUL 1     48.0                      31.3   16.7     32.6
  SNOW DEPTH       0

DEGREE DAYS
 HEATING
  YESTERDAY       18                        15      3       13
  MONTH TO DATE  708                       435    273      350
  SINCE MAR 1   1760                      1382    378     1220
  SINCE JUL 1   7421                      6880    541     6376

 COOLING
  YESTERDAY        0                         0      0        0
  MONTH TO DATE    0                         0      0        1
  SINCE MAR 1      0                         0      0        1
  SINCE JAN 1      0                         0      0        1
..................................................................


WIND (MPH)
  RESULTANT WIND SPEED  10   RESULTANT WIND DIRECTION   S (160)
  HIGHEST WIND SPEED    24   HIGHEST WIND DIRECTION     S (160)
  HIGHEST GUST SPEED    32   HIGHEST GUST DIRECTION    SE (150)
  AVERAGE WIND SPEED    10.2




RELATIVE HUMIDITY (PERCENT)
 HIGHEST   100          1200 AM
 LOWEST     39           200 PM
 AVERAGE    70

..........................................................


THE PIERRE SD CLIMATE NORMALS FOR TODAY
                         NORMAL    RECORD    YEAR
 MAXIMUM TEMPERATURE (F)   63        88      2009
 MINIMUM TEMPERATURE (F)   37        16      2013


SUNRISE AND SUNSET
APRIL 23 2018.........SUNRISE   644 AM CDT   SUNSET   836 PM CDT
APRIL 24 2018.........SUNRISE   642 AM CDT   SUNSET   837 PM CDT


-  INDICATES NEGATIVE NUMBERS.
R  INDICATES RECORD WAS SET OR TIED.
MM INDICATES DATA IS MISSING.
T  INDICATES TRACE AMOUNT.




$$
