000
CDUS45 KFGZ 260752
CLIPRC


CLIMATE REPORT
NATIONAL WEATHER SERVICE FLAGSTAFF, AZ
1251 AM MST SAT MAY 26 2018


...................................

...THE PRESCOTT AZ AIRPORT CLIMATE SUMMARY FOR MAY 25 2018...

CLIMATE NORMAL PERIOD 1981 TO 2010
CLIMATE RECORD PERIOD 1948 TO 2018


WEATHER ITEM   OBSERVED TIME   RECORD YEAR NORMAL DEPARTURE LAST
                VALUE   (LST)  VALUE       VALUE  FROM      YEAR
                                                  NORMAL
..................................................................
TEMPERATURE (F)
 YESTERDAY
  MAXIMUM         83    317 PM  94    1951  80      3       83
  MINIMUM         48    456 AM  33    1980  49     -1       56
  AVERAGE         66                        64      2

PRECIPITATION (IN)
  YESTERDAY        0.00          0.24 1994   0.01  -0.01     0.00
  MONTH TO DATE    0.37                      0.37   0.00     0.40
  SINCE SEP 1      2.34                      8.76  -6.42    11.40
  SINCE JAN 1      1.81                      4.45  -2.64     4.65

DEGREE DAYS
 HEATING
  YESTERDAY        0                               -3
  MONTH TO DATE   82                              -49
  SINCE JUL 1   3291                             -959

 COOLING
  YESTERDAY        1                               -1
  MONTH TO DATE   31                                6
  SINCE JAN 1     39                               12
..................................................................


WIND (MPH)
  HIGHEST WIND SPEED    23   HIGHEST WIND DIRECTION    SW (210)
  HIGHEST GUST SPEED    30   HIGHEST GUST DIRECTION    SW (210)
  AVERAGE WIND SPEED    10.1


SKY COVER
  AVERAGE SKY COVER 0.0


WEATHER CONDITIONS
 THE FOLLOWING WEATHER WAS RECORDED YESTERDAY.
  NO SIGNIFICANT WEATHER WAS OBSERVED.


RELATIVE HUMIDITY (PERCENT)
 HIGHEST    42
 LOWEST      7

..........................................................


THE PRESCOTT AZ AIRPORT CLIMATE NORMALS FOR TODAY
                         NORMAL    RECORD    YEAR
 MAXIMUM TEMPERATURE (F)   80        97      1951
 MINIMUM TEMPERATURE (F)   49        33      1996


SUNRISE AND SUNSET
MAY 26 2018...........SUNRISE   520 AM MST   SUNSET   734 PM MST
MAY 27 2018...........SUNRISE   520 AM MST   SUNSET   734 PM MST


-  INDICATES NEGATIVE NUMBERS.
R  INDICATES RECORD WAS SET OR TIED.
MM INDICATES DATA IS MISSING.
T  INDICATES TRACE AMOUNT.




$$
