000
CDUS41 KALY 210623
CLIPSF


CLIMATE REPORT
NATIONAL WEATHER SERVICE ALBANY NY
222 AM EDT MON MAY 21 2018


...................................

...THE PITTSFIELD MA CLIMATE SUMMARY FOR MAY 20 2018...

CLIMATE NORMAL PERIOD 1981 TO 2010
CLIMATE RECORD PERIOD 9999 TO 9999


WEATHER ITEM   OBSERVED TIME   NORMAL DEPARTURE LAST
                VALUE   (LST)  VALUE  FROM      YEAR
                                      NORMAL
......................................................
TEMPERATURE (F)
 YESTERDAY
  MAXIMUM         71    338 PM  68      3       67
  MINIMUM         55   1159 PM  44     11       45
  AVERAGE         63            56      7       56

PRECIPITATION (IN)
  YESTERDAY        0.08          0.16  -0.08     0.00
  MONTH TO DATE    2.31          2.39  -0.08     4.78
  SINCE MAR 1      8.29          9.62  -1.33    11.18
  SINCE JAN 1     17.04         15.22   1.82    16.76

DEGREE DAYS
 HEATING
  YESTERDAY        2             9     -7        9
  MONTH TO DATE  121           241   -120      264
  SINCE MAR 1   1928          1896     32     1871
  SINCE JUL 1   6770          7276   -506     6573

 COOLING
  YESTERDAY        0             0      0        0
  MONTH TO DATE   15             0     15       12
  SINCE MAR 1     15             2     13       14
  SINCE JAN 1     15             2     13       14
......................................................


WIND (MPH)
  HIGHEST WIND SPEED    21   HIGHEST WIND DIRECTION    NW (310)
  HIGHEST GUST SPEED    31   HIGHEST GUST DIRECTION    NW (310)
  AVERAGE WIND SPEED    11.0


SKY COVER
  AVERAGE SKY COVER 0.8



RELATIVE HUMIDITY (PERCENT)
 HIGHEST    93
 LOWEST     63
 AVERAGE    78

..........................................................


THE PITTSFIELD MA CLIMATE NORMALS FOR TODAY
                         NORMAL
 MAXIMUM TEMPERATURE (F)   68
 MINIMUM TEMPERATURE (F)   45


SUNRISE AND SUNSET
MAY 21 2018...........SUNRISE   526 AM EDT   SUNSET   814 PM EDT
MAY 22 2018...........SUNRISE   525 AM EDT   SUNSET   815 PM EDT


-  INDICATES NEGATIVE NUMBERS.
R  INDICATES RECORD WAS SET OR TIED.
MM INDICATES DATA IS MISSING.
T  INDICATES TRACE AMOUNT.




$$
