000
CDUS41 KBOX 220527
CLIPVD


CLIMATE REPORT
NATIONAL WEATHER SERVICE BOSTON/NORTON MA
126 AM EDT SUN APR 22 2018


...................................

...THE PROVIDENCE RI CLIMATE SUMMARY FOR APRIL 21 2018...

CLIMATE NORMAL PERIOD 1981 TO 2010
CLIMATE RECORD PERIOD 1904 TO 2018


WEATHER ITEM   OBSERVED TIME   RECORD YEAR NORMAL DEPARTURE LAST
                VALUE   (LST)  VALUE       VALUE  FROM      YEAR
                                                  NORMAL
..................................................................
TEMPERATURE (F)
 YESTERDAY
  MAXIMUM         62    319 PM  87    1957  61      1       49
  MINIMUM         38    457 AM  27    1908  41     -3       47
                                      1907
  AVERAGE         50                        51     -1       48

PRECIPITATION (IN)
  YESTERDAY        0.00          3.06 1991   0.14  -0.14     0.64
  MONTH TO DATE    3.53                      3.19   0.34     4.57
  SINCE MAR 1      8.38                      8.20   0.18     8.42
  SINCE JAN 1     20.32                     15.35   4.97    15.60

SNOWFALL (IN)
  YESTERDAY        0.0           0.4  1947   0.0    0.0      0.0
  MONTH TO DATE    3.6                       0.6    3.0       T
  SINCE MAR 1     16.7                       6.1   10.6      7.7
  SINCE JUL 1     50.6                      33.8   16.8     45.9
  SNOW DEPTH       0

DEGREE DAYS
 HEATING
  YESTERDAY       15                        14      1       17
  MONTH TO DATE  459                       366     93      299
  SINCE MAR 1   1269                      1175     94     1219
  SINCE JUL 1   4932                      5237   -305     4777

 COOLING
  YESTERDAY        0                         0      0        0
  MONTH TO DATE    0                         0      0        7
  SINCE MAR 1      0                         0      0        7
  SINCE JAN 1      0                         0      0        7
..................................................................


WIND (MPH)
  RESULTANT WIND SPEED   8   RESULTANT WIND DIRECTION  NW (300)
  HIGHEST WIND SPEED    20   HIGHEST WIND DIRECTION    NW (300)
  HIGHEST GUST SPEED    28   HIGHEST GUST DIRECTION     W (290)
  AVERAGE WIND SPEED     8.7


SKY COVER
  POSSIBLE SUNSHINE  MM
  AVERAGE SKY COVER 0.1


WEATHER CONDITIONS
 THE FOLLOWING WEATHER WAS RECORDED YESTERDAY.
  NO SIGNIFICANT WEATHER WAS OBSERVED.


RELATIVE HUMIDITY (PERCENT)
 HIGHEST    64           600 AM
 LOWEST     19           400 PM
 AVERAGE    42

..........................................................


THE PROVIDENCE RI CLIMATE NORMALS FOR TODAY
                         NORMAL    RECORD    YEAR
 MAXIMUM TEMPERATURE (F)   61        86      1977
 MINIMUM TEMPERATURE (F)   42        29      1975


SUNRISE AND SUNSET
APRIL 22 2018.........SUNRISE   555 AM EDT   SUNSET   734 PM EDT
APRIL 23 2018.........SUNRISE   554 AM EDT   SUNSET   735 PM EDT


-  INDICATES NEGATIVE NUMBERS.
R  INDICATES RECORD WAS SET OR TIED.
MM INDICATES DATA IS MISSING.
T  INDICATES TRACE AMOUNT.




$$
