000
CDUS46 KSGX 260023
CLIRAL


CLIMATE REPORT
NATIONAL WEATHER SERVICE SAN DIEGO, CA
523 PM PDT FRI MAY 25 2018


...................................

...THE RIVERSIDE MUNI AIRPORT CA CLIMATE SUMMARY FOR MAY 25 2018...
VALID TODAY AS OF 0500 PM LOCAL TIME.

CLIMATE NORMAL PERIOD 1981 TO 2010
CLIMATE RECORD PERIOD 1893 TO 2018


WEATHER ITEM   OBSERVED TIME   RECORD YEAR NORMAL DEPARTURE LAST
                VALUE   (LST)  VALUE       VALUE  FROM      YEAR
                                                  NORMAL
..................................................................
TEMPERATURE (F)
 TODAY
  MAXIMUM         73    300 PM 102    1974  81     -8       72
  MINIMUM         57    605 AM  35    1916  57      0       56
  AVERAGE         65                        69     -4       64

PRECIPITATION (IN)
  TODAY            0.00          0.22 1931   0.00   0.00     0.00
  MONTH TO DATE    0.15                      0.30  -0.15     0.02
  SINCE OCT 1      4.23                     11.90  -7.67    13.21
  SINCE JAN 1      4.20                      9.09  -4.89     7.95

DEGREE DAYS
 HEATING
  TODAY            0                         0      0        1
  MONTH TO DATE   33                        22     11       41
  SINCE MAR 1    265                       334    -69      170
  SINCE JUL 1    825                      1442   -617     1134

 COOLING
  TODAY            0                         4     -4        0
  MONTH TO DATE   62                        87    -25      118
  SINCE MAR 1    143                       141      2      256
  SINCE JAN 1    179                       150     29      256
..................................................................


WIND (MPH)
  RESULTANT WIND SPEED   7   RESULTANT WIND DIRECTION   W (270)
  HIGHEST WIND SPEED    17   HIGHEST WIND DIRECTION     W (250)
  HIGHEST GUST SPEED    23   HIGHEST GUST DIRECTION     W (250)
  AVERAGE WIND SPEED     8.1


SKY COVER
  POSSIBLE SUNSHINE  MM
  AVERAGE SKY COVER 0.7


WEATHER CONDITIONS
 THE FOLLOWING WEATHER WAS RECORDED TODAY.
  NO SIGNIFICANT WEATHER WAS OBSERVED.


RELATIVE HUMIDITY (PERCENT)
 HIGHEST    86           200 AM
 LOWEST     38           200 PM
 AVERAGE    62

..........................................................


THE RIVERSIDE MUNI AIRPORT CA CLIMATE NORMALS FOR TOMORROW
                         NORMAL    RECORD    YEAR
 MAXIMUM TEMPERATURE (F)   81       101      1968
 MINIMUM TEMPERATURE (F)   57        37      1953


SUNRISE AND SUNSET
MAY 25 2018...........SUNRISE   542 AM PDT   SUNSET   751 PM PDT
MAY 26 2018...........SUNRISE   542 AM PDT   SUNSET   752 PM PDT


-  INDICATES NEGATIVE NUMBERS.
R  INDICATES RECORD WAS SET OR TIED.
MM INDICATES DATA IS MISSING.
T  INDICATES TRACE AMOUNT.




$$
