000
CDUS43 KUNR 260035
CLIRAP


CLIMATE REPORT
NATIONAL WEATHER SERVICE RAPID CITY SD
635 PM MDT WED APR 25 2018


...................................

...THE RAPID CITY AIRPORT SD CLIMATE SUMMARY FOR APRIL 25 2018...
VALID TODAY AS OF 0600 PM LOCAL TIME.

CLIMATE NORMAL PERIOD 1981 TO 2010
CLIMATE RECORD PERIOD 1942 TO 2018


WEATHER ITEM   OBSERVED TIME   RECORD YEAR NORMAL DEPARTURE LAST
                VALUE   (LST)  VALUE       VALUE  FROM      YEAR
                                                  NORMAL
..................................................................
TEMPERATURE (F)
 TODAY
  MAXIMUM         77    300 PM  86    1962  62     15       37
  MINIMUM         23    135 AM  22    2002  35    -12       27
  AVERAGE         50                        48      2       32

PRECIPITATION (IN)
  TODAY            0.00          1.64 1984   0.08  -0.08     0.33
  MONTH TO DATE    1.50                      1.37   0.13     1.77
  SINCE MAR 1      2.85                      2.30   0.55     2.30
  SINCE JAN 1      3.81                      3.04   0.77     3.11

SNOWFALL (IN)
  TODAY            0.0           8.1  1984   0.2   -0.2      2.2
  MONTH TO DATE   17.1                       7.0   10.1      4.7
  SINCE MAR 1     30.3                      15.7   14.6      5.2
  SINCE JUL 1     60.1                      39.1   21.0     35.7
  SNOW DEPTH       0

DEGREE DAYS
 HEATING
  TODAY           15                        17     -2       33
  MONTH TO DATE  725                       522    203      445
  SINCE MAR 1   1728                      1440    288     1234
  SINCE JUL 1   7248                      6650    598     6290

 COOLING
  TODAY            0                         0      0        0
  MONTH TO DATE    0                         0      0        0
  SINCE MAR 1      0                         0      0        0
  SINCE JAN 1      0                         0      0        0
..................................................................


WIND (MPH)
  HIGHEST WIND SPEED    25   HIGHEST WIND DIRECTION     S (170)
  HIGHEST GUST SPEED    29   HIGHEST GUST DIRECTION     S (170)
  AVERAGE WIND SPEED     8.6


SKY COVER
  AVERAGE SKY COVER 0.0


WEATHER CONDITIONS
 THE FOLLOWING WEATHER WAS RECORDED TODAY.
  NO SIGNIFICANT WEATHER WAS OBSERVED.


RELATIVE HUMIDITY (PERCENT)
 HIGHEST    81           100 AM
 LOWEST      8           300 PM
 AVERAGE    45

..........................................................


THE RAPID CITY AIRPORT SD CLIMATE NORMALS FOR TOMORROW
                         NORMAL    RECORD    YEAR
 MAXIMUM TEMPERATURE (F)   62        89      1952
 MINIMUM TEMPERATURE (F)   35        20      1988
                                             1950


SUNRISE AND SUNSET
APRIL 25 2018.........SUNRISE   553 AM MDT   SUNSET   749 PM MDT
APRIL 26 2018.........SUNRISE   551 AM MDT   SUNSET   750 PM MDT


-  INDICATES NEGATIVE NUMBERS.
R  INDICATES RECORD WAS SET OR TIED.
MM INDICATES DATA IS MISSING.
T  INDICATES TRACE AMOUNT.




$$
