000
CDUS46 KPDT 200835
CLIRDM

CLIMATE REPORT
NATIONAL WEATHER SERVICE PENDLETON OR
135 AM PDT SUN MAY 20 2018


...................................

...THE REDMOND OR CLIMATE SUMMARY FOR MAY 19 2018...

CLIMATE NORMAL PERIOD 1981 TO 2010
CLIMATE RECORD PERIOD 1949 TO 2018


WEATHER ITEM   OBSERVED TIME   RECORD YEAR NORMAL DEPARTURE LAST
                VALUE   (LST)  VALUE       VALUE  FROM      YEAR
                                                  NORMAL
..................................................................
TEMPERATURE (F)
 YESTERDAY
  MAXIMUM         74    247 PM  89    2008  68      6       75
  MINIMUM         51    546 AM  24    1987  36     15       40
  AVERAGE         63                        52     11       58

PRECIPITATION (IN)
  YESTERDAY        0.00          0.44 1968   0.04  -0.04     0.00
  MONTH TO DATE    0.54                      0.58  -0.04     0.13
  SINCE OCT 1      3.55                      6.35  -2.80     8.10
  SINCE JAN 1      2.44                      3.59  -1.15     4.35

DEGREE DAYS
 HEATING
  YESTERDAY        2                        13    -11        7
  MONTH TO DATE  138                       289   -151      288
  SINCE MAR 1   1472                      1687   -215     1608
  SINCE JUL 1   5902                      6360   -458     6485

 COOLING
  YESTERDAY        0                         0      0        0
  MONTH TO DATE    3                         0      3        2
  SINCE MAR 1      3                         0      3        2
  SINCE JAN 1      3                         0      3        2
..................................................................


WIND (MPH)
  RESULTANT WIND SPEED   7   RESULTANT WIND DIRECTION   N (340)
  HIGHEST WIND SPEED    17   HIGHEST WIND DIRECTION     N (340)
  HIGHEST GUST SPEED    23   HIGHEST GUST DIRECTION     N (340)
  AVERAGE WIND SPEED     7.4


SKY COVER
  POSSIBLE SUNSHINE  MM
  AVERAGE SKY COVER 0.4


WEATHER CONDITIONS
 THE FOLLOWING WEATHER WAS RECORDED YESTERDAY.
  NO SIGNIFICANT WEATHER WAS OBSERVED.


RELATIVE HUMIDITY (PERCENT)
 HIGHEST    89           200 AM
 LOWEST     35           200 PM
 AVERAGE    62

..........................................................


THE REDMOND OR CLIMATE NORMALS FOR TODAY
                         NORMAL    RECORD    YEAR
 MAXIMUM TEMPERATURE (F)   69        87      1967
 MINIMUM TEMPERATURE (F)   37        22      1975


SUNRISE AND SUNSET
MAY 20 2018...........SUNRISE   533 AM PDT   SUNSET   830 PM PDT
MAY 21 2018...........SUNRISE   532 AM PDT   SUNSET   831 PM PDT


-  INDICATES NEGATIVE NUMBERS.
R  INDICATES RECORD WAS SET OR TIED.
MM INDICATES DATA IS MISSING.
T  INDICATES TRACE AMOUNT.


$$
