746
CDUS42 KRAH 270758
CLIRDU


CLIMATE REPORT
NATIONAL WEATHER SERVICE RALEIGH NC
347 AM EDT SUN MAY 27 2018


...................................

...THE RALEIGH-DURHAM INTL AIRPORT NC CLIMATE SUMMARY FOR MAY 26 2018...

CLIMATE NORMAL PERIOD 1981 TO 2010
CLIMATE RECORD PERIOD 1887 TO 2018


WEATHER ITEM   OBSERVED TIME   RECORD YEAR NORMAL DEPARTURE LAST
                VALUE   (LST)  VALUE       VALUE  FROM      YEAR
                                                  NORMAL
..................................................................
TEMPERATURE (F)
 YESTERDAY
  MAXIMUM         87    201 PM  94    1953  82      5       81
                                      1933
  MINIMUM         68    453 AM  43    1979  60      8       59
  AVERAGE         78                        71      7       70

PRECIPITATION (IN)
  YESTERDAY        0.33          3.02 1946   0.12   0.21     0.00
  MONTH TO DATE    3.73                      2.67   1.06     5.42
  SINCE MAR 1     13.88                      9.70   4.18    17.21
  SINCE JAN 1     19.50                     16.43   3.07    21.64

DEGREE DAYS
 HEATING
  YESTERDAY        0                         1     -1        0
  MONTH TO DATE    1                        50    -49       45
  SINCE MAR 1    831                       667    164      533
  SINCE JUL 1   3344                      3239    105     2506

 COOLING
  YESTERDAY       13                         7      6        5
  MONTH TO DATE  235                       112    123      132
  SINCE MAR 1    252                       172     80      276
  SINCE JAN 1    274                       173    101      284
..................................................................


WIND (MPH)
  HIGHEST WIND SPEED    29   HIGHEST WIND DIRECTION    SW (230)
  HIGHEST GUST SPEED    36   HIGHEST GUST DIRECTION    SW (240)
  AVERAGE WIND SPEED     8.4


SKY COVER
  POSSIBLE SUNSHINE  MM
  AVERAGE SKY COVER 0.7


WEATHER CONDITIONS
 THE FOLLOWING WEATHER WAS RECORDED YESTERDAY.
  THUNDERSTORM
  HEAVY RAIN
  FOG


RELATIVE HUMIDITY (PERCENT)
 HIGHEST   100           300 AM
 LOWEST     65           100 PM
 AVERAGE    83

..........................................................


THE RALEIGH-DURHAM INTL AIRPORT NC CLIMATE NORMALS FOR TODAY
                         NORMAL    RECORD    YEAR
 MAXIMUM TEMPERATURE (F)   82        96      1916
 MINIMUM TEMPERATURE (F)   60        41      1961


SUNRISE AND SUNSET
MAY 27 2018...........SUNRISE   602 AM EDT   SUNSET   823 PM EDT
MAY 28 2018...........SUNRISE   602 AM EDT   SUNSET   824 PM EDT


-  INDICATES NEGATIVE NUMBERS.
R  INDICATES RECORD WAS SET OR TIED.
MM INDICATES DATA IS MISSING.
T  INDICATES TRACE AMOUNT.




$$
