000
CDUS45 KREV 210836
CLIRNO


CLIMATE REPORT
NATIONAL WEATHER SERVICE RENO NV
136 AM PDT MON MAY 21 2018


...................................

...THE RENO-TAHOE INTL AIRPORT NV CLIMATE SUMMARY FOR MAY 20 2018...

CLIMATE NORMAL PERIOD 1981 TO 2010
CLIMATE RECORD PERIOD 1888 TO 2018


WEATHER ITEM   OBSERVED TIME   RECORD YEAR NORMAL DEPARTURE LAST
                VALUE   (LST)  VALUE       VALUE  FROM      YEAR
                                                  NORMAL
..................................................................
TEMPERATURE (F)
 YESTERDAY
  MAXIMUM         76    248 PM  89    1979  75      1       83
                                      1966
                                      1942
  MINIMUM         50    454 AM  24    1974  47      3       48
  AVERAGE         63                        61      2       66

PRECIPITATION (IN)
  YESTERDAY        0.00          0.86 1971   0.02  -0.02     0.00
  MONTH TO DATE    0.76                      0.31   0.45     0.61
  SINCE OCT 1      6.09                      5.95   0.14    14.94
  SINCE JAN 1      4.52                      3.59   0.93    11.15

SNOWFALL (IN)
  YESTERDAY        0.0           5.0  1971   0.1   -0.1      0.0
  MONTH TO DATE    0.0                       0.3   -0.3      0.0
  SINCE MAR 1     20.1                       2.8   17.3      2.9
  SINCE JUL 1     24.9                      21.8    3.1     27.0
  SNOW DEPTH       0

DEGREE DAYS
 HEATING
  YESTERDAY        2                         6     -4        0
  MONTH TO DATE   88                       156    -68      132
  SINCE MAR 1   1126                      1180    -54     1026
  SINCE JUL 1   4393                      4818   -425     4399

 COOLING
  YESTERDAY        0                         1     -1        1
  MONTH TO DATE   14                        13      1       11
  SINCE MAR 1     17                        14      3       11
  SINCE JAN 1     17                        14      3       11
..................................................................


WIND (MPH)
  RESULTANT WIND SPEED   3   RESULTANT WIND DIRECTION  NW (310)
  HIGHEST WIND SPEED    22   HIGHEST WIND DIRECTION    NW (300)
  HIGHEST GUST SPEED    28   HIGHEST GUST DIRECTION     W (290)
  AVERAGE WIND SPEED     6.1



WEATHER CONDITIONS
 THE FOLLOWING WEATHER WAS RECORDED YESTERDAY.
  NO SIGNIFICANT WEATHER WAS OBSERVED.


RELATIVE HUMIDITY (PERCENT)
 HIGHEST    77           100 AM
 LOWEST     18           300 PM
 AVERAGE    48

..........................................................


THE RENO-TAHOE INTL AIRPORT NV CLIMATE NORMALS FOR TODAY
                         NORMAL    RECORD    YEAR
 MAXIMUM TEMPERATURE (F)   75        94      1967
 MINIMUM TEMPERATURE (F)   47        28      1893


SUNRISE AND SUNSET
MAY 21 2018...........SUNRISE   540 AM PDT   SUNSET   812 PM PDT
MAY 22 2018...........SUNRISE   539 AM PDT   SUNSET   813 PM PDT


-  INDICATES NEGATIVE NUMBERS.
R  INDICATES RECORD WAS SET OR TIED.
MM INDICATES DATA IS MISSING.
T  INDICATES TRACE AMOUNT.




$$
