000
CDUS41 KBUF 250943
CLIROC


CLIMATE REPORT
NATIONAL WEATHER SERVICE BUFFALO NY
542 AM EDT WED APR 25 2018


...................................

...THE ROCHESTER NY CLIMATE SUMMARY FOR APRIL 24 2018...

CLIMATE NORMAL PERIOD 1981 TO 2010
CLIMATE RECORD PERIOD 1871 TO 2018


WEATHER ITEM   OBSERVED TIME   RECORD YEAR NORMAL DEPARTURE LAST
                VALUE   (LST)  VALUE       VALUE  FROM      YEAR
                                                  NORMAL
..................................................................
TEMPERATURE (F)
 YESTERDAY
  MAXIMUM         66    146 PM  83    1960  60      6       55
  MINIMUM         52   1159 PM  23    1919  40     12       41
  AVERAGE         59                        50      9       48

PRECIPITATION (IN)
  YESTERDAY        0.06          1.07 1984   0.09  -0.03     0.00
  MONTH TO DATE    2.91                      2.20   0.71     4.12
  SINCE MAR 1      5.93                      4.70   1.23     8.78
  SINCE JAN 1     11.19                      9.06   2.13    13.86

SNOWFALL (IN)
  YESTERDAY        0.0           3.9  1875   0.1   -0.1      0.0
  MONTH TO DATE    4.9                       3.7    1.2      2.5
  SINCE MAR 1     34.3                      20.0   14.3     35.5
  SINCE JUL 1    120.2                      98.9   21.3    107.1
  SNOW DEPTH       0

DEGREE DAYS
 HEATING
  YESTERDAY        6                        16    -10       17
  MONTH TO DATE  619                       480    139      366
  SINCE MAR 1   1630                      1432    198     1354
  SINCE JUL 1   6027                      6218   -191     5222

 COOLING
  YESTERDAY        0                         0      0        0
  MONTH TO DATE    0                         0      0        7
  SINCE MAR 1      0                         0      0        7
  SINCE JAN 1      0                         0      0        7
..................................................................


WIND (MPH)
  HIGHEST WIND SPEED    18   HIGHEST WIND DIRECTION    SW (230)
  HIGHEST GUST SPEED    25   HIGHEST GUST DIRECTION    SW (240)
  AVERAGE WIND SPEED     8.2


SKY COVER
  AVERAGE SKY COVER 1.0


WEATHER CONDITIONS
 THE FOLLOWING WEATHER WAS RECORDED YESTERDAY.
  LIGHT RAIN


RELATIVE HUMIDITY (PERCENT)
 HIGHEST    96          1100 PM
 LOWEST     31           100 PM
 AVERAGE    64

..........................................................


THE ROCHESTER NY CLIMATE NORMALS FOR TODAY
                         NORMAL    RECORD    YEAR
 MAXIMUM TEMPERATURE (F)   60        86      1915
 MINIMUM TEMPERATURE (F)   40        21      1919


SUNRISE AND SUNSET
APRIL 25 2018.........SUNRISE   613 AM EDT   SUNSET   805 PM EDT
APRIL 26 2018.........SUNRISE   611 AM EDT   SUNSET   806 PM EDT


-  INDICATES NEGATIVE NUMBERS.
R  INDICATES RECORD WAS SET OR TIED.
MM INDICATES DATA IS MISSING.
T  INDICATES TRACE AMOUNT.




$$
