000
CDUS45 KPIH 262328
CLIRXE


CLIMATE REPORT
NATIONAL WEATHER SERVICE POCATELLO ID
524 PM MDT THU APR 26 2018


...................................

...THE REXBURG ID CLIMATE SUMMARY FOR APRIL 26 2018...
VALID TODAY AS OF 0500 PM LOCAL TIME.

CLIMATE NORMAL PERIOD 1981 TO 2010
CLIMATE RECORD PERIOD 1998 TO 2018


WEATHER ITEM   OBSERVED TIME   RECORD YEAR NORMAL DEPARTURE LAST
                VALUE   (LST)  VALUE       VALUE  FROM      YEAR
                                                  NORMAL
..................................................................
TEMPERATURE (F)
 TODAY
  MAXIMUM         69    346 PM  71    2004  60      9       50
  MINIMUM         37    552 AM  23    2008  33      4       36
  AVERAGE         53                        46      7       43

PRECIPITATION (IN)
  TODAY            0.00         MM      MM   0.05  -0.05     0.08
  MONTH TO DATE    1.91                      1.26   0.65     2.02
  SINCE OCT 1      7.68                      7.10   0.58    10.92
  SINCE JAN 1      5.58                      3.89   1.69     5.16

SNOWFALL (IN)
  TODAY           MM
  MONTH TO DATE   MM
  SINCE MAR 1     MM
  SINCE JUL 1     MM
  SNOW DEPTH      MM

DEGREE DAYS
 HEATING
  TODAY           12                        19     -7       22
  MONTH TO DATE  545                       566    -21      568
  SINCE MAR 1   1519                      1522     -3     1307
  SINCE JUL 1   6976                      7495   -519     7102

 COOLING
  TODAY            0                         0      0        0
  MONTH TO DATE    0                         0      0        0
  SINCE MAR 1      0                         0      0        0
  SINCE JAN 1      0                         0      0        0
..................................................................


WIND (MPH)
  HIGHEST WIND SPEED    15   HIGHEST WIND DIRECTION    NE (50)
  HIGHEST GUST SPEED    20   HIGHEST GUST DIRECTION    NE (50)
  AVERAGE WIND SPEED     7.1


SKY COVER
  POSSIBLE SUNSHINE  MM
  AVERAGE SKY COVER 0.0


WEATHER CONDITIONS
 THE FOLLOWING WEATHER WAS RECORDED TODAY.
  NO SIGNIFICANT WEATHER WAS OBSERVED.


RELATIVE HUMIDITY (PERCENT)
 HIGHEST    76           500 AM
 LOWEST      9           300 PM
 AVERAGE    43

..........................................................


THE REXBURG ID CLIMATE NORMALS FOR TOMORROW
                         NORMAL    RECORD    YEAR
 MAXIMUM TEMPERATURE (F)   60        78      2000
 MINIMUM TEMPERATURE (F)   34        22      2008


SUNRISE AND SUNSET
APRIL 26 2018.........SUNRISE   626 AM MDT   SUNSET   824 PM MDT
APRIL 27 2018.........SUNRISE   625 AM MDT   SUNSET   825 PM MDT


-  INDICATES NEGATIVE NUMBERS.
R  INDICATES RECORD WAS SET OR TIED.
MM INDICATES DATA IS MISSING.
T  INDICATES TRACE AMOUNT.




$$
