000
CDUS44 KEWX 232242
CLISAT


CLIMATE REPORT
NATIONAL WEATHER SERVICE AUSTIN/SAN ANTONIO, TX
542 PM CDT MON APR 23 2018


...................................

...THE SAN ANTONIO CLIMATE SUMMARY FOR APRIL 23 2018...
VALID TODAY AS OF 0500 PM LOCAL TIME.

CLIMATE NORMAL PERIOD 1981 TO 2010
CLIMATE RECORD PERIOD 1886 TO 2018


WEATHER ITEM   OBSERVED TIME   RECORD YEAR NORMAL DEPARTURE LAST
                VALUE   (LST)  VALUE       VALUE  FROM      YEAR
                                                  NORMAL
..................................................................
TEMPERATURE (F)
 TODAY
  MAXIMUM         83    425 PM  98    2000  82      1       77
  MINIMUM         54    539 AM  45    1982  60     -6       51
                                      1959
  AVERAGE         69                        71     -2       64

PRECIPITATION (IN)
  TODAY            0.00          2.24 2001   0.08  -0.08     0.00
  MONTH TO DATE    0.02                      1.49  -1.47     2.76
  SINCE MAR 1      4.04                      3.80   0.24     4.85
  SINCE JAN 1      6.23                      7.35  -1.12    11.18

SNOWFALL (IN)
  TODAY            0.0
  MONTH TO DATE    0.0
  SINCE MAR 1      T
  SINCE JUL 1      1.9
  SNOW DEPTH       0

DEGREE DAYS
 HEATING
  TODAY            0                         1     -1        1
  MONTH TO DATE   37                        38     -1        8
  SINCE MAR 1     87                       192   -105       59
  SINCE JUL 1   1303                      1493   -190      777

 COOLING
  TODAY            4                         7     -3        0
  MONTH TO DATE  100                       116    -16      143
  SINCE MAR 1    222                       181     41      277
  SINCE JAN 1    268                       207     61      377
..................................................................


WIND (MPH)
  HIGHEST WIND SPEED    12   HIGHEST WIND DIRECTION    SE (130)
  HIGHEST GUST SPEED    14   HIGHEST GUST DIRECTION    SE (130)
  AVERAGE WIND SPEED     3.8


SKY COVER
  AVERAGE SKY COVER 0.3


WEATHER CONDITIONS
 THE FOLLOWING WEATHER WAS RECORDED TODAY.
  NO SIGNIFICANT WEATHER WAS OBSERVED.


RELATIVE HUMIDITY (PERCENT)
 HIGHEST    77           200 AM
 LOWEST     31           300 PM
 AVERAGE    54

..........................................................


THE SAN ANTONIO CLIMATE NORMALS FOR TOMORROW
                         NORMAL    RECORD    YEAR
 MAXIMUM TEMPERATURE (F)   82        99      1894
 MINIMUM TEMPERATURE (F)   61        41      1995


SUNRISE AND SUNSET
APRIL 23 2018.........SUNRISE   659 AM CDT   SUNSET   806 PM CDT
APRIL 24 2018.........SUNRISE   658 AM CDT   SUNSET   806 PM CDT


-  INDICATES NEGATIVE NUMBERS.
R  INDICATES RECORD WAS SET OR TIED.
MM INDICATES DATA IS MISSING.
T  INDICATES TRACE AMOUNT.




$$
