000
CDUS46 KLOX 260908
CLISBA


CLIMATE REPORT
NATIONAL WEATHER SERVICE LOS ANGELES/OXNARD CA
208 AM PDT SAT MAY 26 2018


...................................

...THE SANTA BARBARA AIRPORT CA CLIMATE SUMMARY FOR MAY 25 2018...

CLIMATE NORMAL PERIOD 1981 TO 2010
CLIMATE RECORD PERIOD 1940 TO 2018


WEATHER ITEM   OBSERVED TIME   RECORD YEAR NORMAL DEPARTURE LAST
                VALUE   (LST)  VALUE       VALUE  FROM      YEAR
                                                  NORMAL
..................................................................
TEMPERATURE (F)
 YESTERDAY
  MAXIMUM         68   1215 PM  90    1968  69     -1       66
  MINIMUM         48    437 AM  42    1989  52     -4       55
  AVERAGE         58                        61     -3       61

PRECIPITATION (IN)
  YESTERDAY        0.00          0.04 1993   0.00   0.00      T
  MONTH TO DATE    T                         0.30  -0.30     0.12
  SINCE OCT 1      8.30                     17.24  -8.94    24.23
  SINCE JAN 1      8.23                     11.94  -3.71    19.42

SNOWFALL (IN)
  YESTERDAY        0.0
  MONTH TO DATE    0.0
  SINCE MAR 1      0.0
  SINCE JUL 1      0.0

DEGREE DAYS
 HEATING
  YESTERDAY        7                         5      2        4
  MONTH TO DATE  140                       134      6      120
  SINCE MAR 1    625                       658    -33      462
  SINCE JUL 1   1876                      2259   -383     1830

 COOLING
  YESTERDAY        0                         0      0        0
  MONTH TO DATE    0                         0      0        5
  SINCE MAR 1     10                         7      3       27
  SINCE JAN 1     10                         7      3       27
..................................................................


WIND (MPH)
  HIGHEST WIND SPEED    26   HIGHEST WIND DIRECTION     W (270)
  HIGHEST GUST SPEED    33   HIGHEST GUST DIRECTION     W (270)
  AVERAGE WIND SPEED     9.9


SKY COVER
  POSSIBLE SUNSHINE  MM
  AVERAGE SKY COVER 0.3


WEATHER CONDITIONS
 THE FOLLOWING WEATHER WAS RECORDED YESTERDAY.
  NO SIGNIFICANT WEATHER WAS OBSERVED.


RELATIVE HUMIDITY (PERCENT)
 HIGHEST    93           500 AM
 LOWEST     52          1000 PM
 AVERAGE    73

..........................................................


THE SANTA BARBARA AIRPORT CA CLIMATE NORMALS FOR TODAY
                         NORMAL    RECORD    YEAR
 MAXIMUM TEMPERATURE (F)   69       101      1968
 MINIMUM TEMPERATURE (F)   52        39      1953


SUNRISE AND SUNSET
MAY 26 2018...........SUNRISE   550 AM PDT   SUNSET   803 PM PDT
MAY 27 2018...........SUNRISE   550 AM PDT   SUNSET   803 PM PDT


-  INDICATES NEGATIVE NUMBERS.
R  INDICATES RECORD WAS SET OR TIED.
MM INDICATES DATA IS MISSING.
T  INDICATES TRACE AMOUNT.




$$
