000
CDUS41 KAKQ 270539
CLISBY


CLIMATE REPORT
NATIONAL WEATHER SERVICE WAKEFIELD, VA
129 AM EDT SUN MAY 27 2018


...................................

...THE SALISBURY MD CLIMATE SUMMARY FOR MAY 26 2018...

CLIMATE NORMAL PERIOD 1981 TO 2010
CLIMATE RECORD PERIOD 1900 TO 2018


WEATHER ITEM   OBSERVED TIME   RECORD YEAR NORMAL DEPARTURE LAST
                VALUE   (LST)  VALUE       VALUE  FROM      YEAR
                                                  NORMAL
..................................................................
TEMPERATURE (F)
 YESTERDAY
  MAXIMUM         88    333 PM  92    2011  76     12       77
                                      1991
                                      1914
  MINIMUM         68    213 AM  39    1917  55     13       57
  AVERAGE         78                        65     13       67

PRECIPITATION (IN)
  YESTERDAY        0.00          2.02 1990   0.12  -0.12     0.00
  MONTH TO DATE    8.63                      2.98   5.65     4.75
  SINCE MAR 1     13.98                     10.95   3.03    11.40
  SINCE JAN 1     20.23                     17.91   2.32    16.20

SNOWFALL (IN)
  YESTERDAY        0.0           0.0  2002   0.0    0.0
                                      2001
  MONTH TO DATE    0.0                       0.0    0.0
  SINCE NOV 1     17.2                       9.3    7.9
  SINCE JUL 1     17.2                       9.3    7.9
  SNOW DEPTH       0

DEGREE DAYS
 HEATING
  YESTERDAY        0                         3     -3        0
  MONTH TO DATE   24                       130   -106      131
  SINCE MAR 1   1145                      1105     40      935
  SINCE JUL 1   4192                      4410   -218     3686

 COOLING
  YESTERDAY       13                         3     10        2
  MONTH TO DATE  123                        47     76       53
  SINCE MAR 1    133                        64     69      123
  SINCE JAN 1    137                        64     73      123
..................................................................


WIND (MPH)
  HIGHEST WIND SPEED    18   HIGHEST WIND DIRECTION    SW (210)
  HIGHEST GUST SPEED    27   HIGHEST GUST DIRECTION     W (250)
  AVERAGE WIND SPEED     9.5


SKY COVER
  POSSIBLE SUNSHINE  MM
  AVERAGE SKY COVER 0.1


WEATHER CONDITIONS
 THE FOLLOWING WEATHER WAS RECORDED YESTERDAY.
  THUNDERSTORM


RELATIVE HUMIDITY (PERCENT)
 HIGHEST   100           200 AM
 LOWEST     57          1200 PM
 AVERAGE    79

..........................................................


THE SALISBURY MD CLIMATE NORMALS FOR TODAY
                         NORMAL    RECORD    YEAR
 MAXIMUM TEMPERATURE (F)   77        97      1914
 MINIMUM TEMPERATURE (F)   55        40      1967


SUNRISE AND SUNSET
MAY 27 2018...........SUNRISE   542 AM EDT   SUNSET   816 PM EDT
MAY 28 2018...........SUNRISE   542 AM EDT   SUNSET   817 PM EDT


-  INDICATES NEGATIVE NUMBERS.
R  INDICATES RECORD WAS SET OR TIED.
MM INDICATES DATA IS MISSING.
T  INDICATES TRACE AMOUNT.




$$
