715
CDUS46 KLOX 250105
CLISDB


CLIMATE REPORT
NATIONAL WEATHER SERVICE LOS ANGELES/OXNARD CA
604 PM PDT TUE APR 24 2018


...................................

...THE SANDBERG CA CLIMATE SUMMARY FOR APRIL 24 2018...
VALID TODAY AS OF 0500 PM LOCAL TIME.

CLIMATE NORMAL PERIOD 1981 TO 2010
CLIMATE RECORD PERIOD 1934 TO 2018


WEATHER ITEM   OBSERVED TIME   RECORD YEAR NORMAL DEPARTURE LAST
                VALUE   (LST)  VALUE       VALUE  FROM      YEAR
                                                  NORMAL
..................................................................
TEMPERATURE (F)
 TODAY
  MAXIMUM         70    200 PM  81    1946  61      9       60
  MINIMUM         58    300 AM  25    1964  44     14       43
  AVERAGE         64                        52     12       52

PRECIPITATION (IN)
  TODAY            0.00          0.13 1938   0.02  -0.02     0.00
  MONTH TO DATE    0.01                      0.54  -0.53     0.09
  SINCE OCT 1      6.67                     11.55  -4.88    12.69
  SINCE JAN 1      6.62                      7.92  -1.30     8.85

DEGREE DAYS
 HEATING
  TODAY            1                        13    -12       13
  MONTH TO DATE  263                       372   -109      215
  SINCE MAR 1    852                       942    -90      546
  SINCE JUL 1   2451                      3701  -1250     2803

 COOLING
  TODAY            0                         0      0        0
  MONTH TO DATE    2                         0      2        4
  SINCE MAR 1      2                         1      1       20
  SINCE JAN 1      4                         1      3       20
..................................................................


WIND (MPH)
  HIGHEST WIND SPEED    20   HIGHEST WIND DIRECTION    NW (330)
  HIGHEST GUST SPEED    24   HIGHEST GUST DIRECTION     S (190)
  AVERAGE WIND SPEED    15.5


SKY COVER
  POSSIBLE SUNSHINE  MM
  AVERAGE SKY COVER 0.0


WEATHER CONDITIONS
 THE FOLLOWING WEATHER WAS RECORDED TODAY.
  NO SIGNIFICANT WEATHER WAS OBSERVED.


RELATIVE HUMIDITY (PERCENT)
 HIGHEST    36           300 AM
 LOWEST     29          1200 AM
 AVERAGE    33

..........................................................


THE SANDBERG CA CLIMATE NORMALS FOR TOMORROW
                         NORMAL    RECORD    YEAR
 MAXIMUM TEMPERATURE (F)   61        80      1987
 MINIMUM TEMPERATURE (F)   44        27      1971


SUNRISE AND SUNSET
APRIL 24 2018.........SUNRISE   612 AM PDT   SUNSET   734 PM PDT
APRIL 25 2018.........SUNRISE   611 AM PDT   SUNSET   735 PM PDT


-  INDICATES NEGATIVE NUMBERS.
R  INDICATES RECORD WAS SET OR TIED.
MM INDICATES DATA IS MISSING.
T  INDICATES TRACE AMOUNT.




$$
