000
CDUS46 KSEW 230123
CLISEW


CLIMATE REPORT
NATIONAL WEATHER SERVICE SEATTLE WA
623 PM PDT SUN APR 22 2018


...................................

...THE SEATTLE WA WFO CLIMATE SUMMARY FOR APRIL 22 2018...
VALID TODAY AS OF 0500 PM LOCAL TIME.

CLIMATE NORMAL PERIOD 1981 TO 2010
CLIMATE RECORD PERIOD 1986 TO 2018


WEATHER ITEM   OBSERVED TIME   RECORD YEAR     LAST
                VALUE   (LST)  VALUE           YEAR
....................................................
TEMPERATURE (F)
 TODAY
  MAXIMUM         58        MM  70    2012    62
  MINIMUM         39        MM  37    2008    49
                                      2006
                                      1999
  AVERAGE         49                          56

PRECIPITATION (IN)
  TODAY            0.00          0.78 1996     0.05
  MONTH TO DATE    5.35                        3.23
  SINCE OCT 1     36.57                       43.30
  SINCE JAN 1     19.70                       21.58

SNOWFALL (IN)
  TODAY            0.0                         0.0
  MONTH TO DATE    0.0                         0.0
  SINCE OCT 1      4.0                         3.6
  SINCE JUL 1      4.0                         3.6
  SNOW DEPTH       0

DEGREE DAYS
 HEATING
  TODAY           16                           9
  MONTH TO DATE  350                         304
  SINCE MAR 1    925                         869
  SINCE JUL 1   3920                        3949

 COOLING
  TODAY            0                           0
  MONTH TO DATE    0                           0
  SINCE MAR 1      0                           0
  SINCE JAN 1      0                           0
....................................................


WIND (MPH)
  HIGHEST WIND SPEED    MM   HIGHEST WIND DIRECTION    MM
  HIGHEST GUST SPEED    MM   HIGHEST GUST DIRECTION    MM
  AVERAGE WIND SPEED    MM



WEATHER CONDITIONS
 THE FOLLOWING WEATHER WAS RECORDED TODAY.
  NO SIGNIFICANT WEATHER WAS OBSERVED.






-  INDICATES NEGATIVE NUMBERS.
R  INDICATES RECORD WAS SET OR TIED.
MM INDICATES DATA IS MISSING.
T  INDICATES TRACE AMOUNT.




$$
