000
CDUS44 KSJT 240726
CLISJT


CLIMATE REPORT
NATIONAL WEATHER SERVICE SAN ANGELO TX
225 AM CDT TUE APR 24 2018


...................................

...THE SAN ANGELO CLIMATE SUMMARY FOR APRIL 23 2018...

CLIMATE NORMAL PERIOD 1981 TO 2010
CLIMATE RECORD PERIOD 1907 TO 2018


WEATHER ITEM   OBSERVED TIME   RECORD YEAR NORMAL DEPARTURE LAST
                VALUE   (LST)  VALUE       VALUE  FROM      YEAR
                                                  NORMAL
..................................................................
TEMPERATURE (F)
 YESTERDAY
  MAXIMUM         84    532 PM  99    1943  82      2       75
  MINIMUM         41    622 AM  38    1928  54    -13       40
  AVERAGE         63                        68     -5       58

PRECIPITATION (IN)
  YESTERDAY        0.00          1.55 1913   0.05  -0.05     0.00
  MONTH TO DATE    0.09                      1.02  -0.93     1.46
  SINCE MAR 1      1.29                      2.52  -1.23     1.71
  SINCE JAN 1      2.66                      4.80  -2.14     4.42

SNOWFALL (IN)
  YESTERDAY        0.0           0.0  2002   0.0    0.0      0.0
  MONTH TO DATE    0.0                       0.0    0.0       T
  SINCE NOV 1      T                         2.2   -2.2       T
  SINCE JUL 1      T                         2.2   -2.2       T
  SNOW DEPTH       0

DEGREE DAYS
 HEATING
  YESTERDAY        2                         2      0        7
  MONTH TO DATE   85                        79      6       47
  SINCE MAR 1    236                       336   -100      167
  SINCE JUL 1   2074                      2297   -223     1491

 COOLING
  YESTERDAY        0                         5     -5        0
  MONTH TO DATE   65                        78    -13      116
  SINCE MAR 1    150                       111     39      233
  SINCE JAN 1    169                       116     53      260
..................................................................


WIND (MPH)
  HIGHEST WIND SPEED    13   HIGHEST WIND DIRECTION    NE (30)
  HIGHEST GUST SPEED    17   HIGHEST GUST DIRECTION    NE (30)
  AVERAGE WIND SPEED     5.1


SKY COVER
  POSSIBLE SUNSHINE  MM
  AVERAGE SKY COVER 0.0


WEATHER CONDITIONS
 THE FOLLOWING WEATHER WAS RECORDED YESTERDAY.
  NO SIGNIFICANT WEATHER WAS OBSERVED.


RELATIVE HUMIDITY (PERCENT)
 HIGHEST    76           500 AM
 LOWEST     22           400 PM
 AVERAGE    49

..........................................................


THE SAN ANGELO CLIMATE NORMALS FOR TODAY
                         NORMAL    RECORD    YEAR
 MAXIMUM TEMPERATURE (F)   83       101      2002
 MINIMUM TEMPERATURE (F)   54        35      1995
                                             1913


SUNRISE AND SUNSET
APRIL 24 2018.........SUNRISE   704 AM CDT   SUNSET   817 PM CDT
APRIL 25 2018.........SUNRISE   703 AM CDT   SUNSET   817 PM CDT


-  INDICATES NEGATIVE NUMBERS.
R  INDICATES RECORD WAS SET OR TIED.
MM INDICATES DATA IS MISSING.
T  INDICATES TRACE AMOUNT.




$$
