000
CDCA42 TJSJ 240445
CLISJU


CLIMATE REPORT
NATIONAL WEATHER SERVICE SAN JUAN, PR
1245 AM AST TUE APR 24 2018


...................................

...THE SAN JUAN AREA/PR CLIMATE SUMMARY FOR APRIL 23 2018...

CLIMATE NORMAL PERIOD 1981 TO 2010
CLIMATE RECORD PERIOD 1898 TO 2018


WEATHER ITEM   OBSERVED TIME   RECORD YEAR NORMAL DEPARTURE LAST
                VALUE   (LST)  VALUE       VALUE  FROM      YEAR
                                                  NORMAL
..................................................................
TEMPERATURE (F)
 YESTERDAY
  MAXIMUM         84   1248 PM  92    2014  86     -2       88
  MINIMUM         75    622 AM  66    1968  75      0       77
  AVERAGE         80                        81     -1       83

PRECIPITATION (IN)
  YESTERDAY        0.05          5.82 2016   0.18  -0.13     0.03
  MONTH TO DATE    2.67                      3.30  -0.63     4.47
  SINCE MAR 1      6.12                      5.25   0.87    10.51
  SINCE JAN 1     16.48                     11.40   5.08    14.10

SNOWFALL (IN)
  YESTERDAY        0.0                       0.0    0.0      0.0
  MONTH TO DATE    0.0                       0.0    0.0      0.0
  SINCE MAR 1      0.0                       0.0    0.0      0.0
  SINCE JUL 1      0.0                       0.0    0.0      0.0

DEGREE DAYS
 HEATING
  YESTERDAY        0                         0      0        0
  MONTH TO DATE    0                         0      0        0
  SINCE MAR 1      0                         0      0        0
  SINCE JUL 1      0                         0      0        0

 COOLING
  YESTERDAY       15                        16     -1       18
  MONTH TO DATE  349                       349      0      340
  SINCE MAR 1    781                       780      1      755
  SINCE JAN 1   1559                      1531     28     1603
..................................................................


WIND (MPH)
  HIGHEST WIND SPEED    23   HIGHEST WIND DIRECTION     E (70)
  HIGHEST GUST SPEED    27   HIGHEST GUST DIRECTION     E (70)
  AVERAGE WIND SPEED     8.1


SKY COVER
  AVERAGE SKY COVER 0.5


WEATHER CONDITIONS
 THE FOLLOWING WEATHER WAS RECORDED YESTERDAY.
  LIGHT RAIN


RELATIVE HUMIDITY (PERCENT)
 HIGHEST    94
 LOWEST     79
 AVERAGE    87

..........................................................


THE SAN JUAN AREA/PR CLIMATE NORMALS FOR TODAY
                         NORMAL    RECORD    YEAR
 MAXIMUM TEMPERATURE (F)   87        95      1983
 MINIMUM TEMPERATURE (F)   75        65      1963


SUNRISE AND SUNSET
APRIL 24 2018.........SUNRISE   601 AM AST   SUNSET   643 PM AST
APRIL 25 2018.........SUNRISE   600 AM AST   SUNSET   644 PM AST


-  INDICATES NEGATIVE NUMBERS.
R  INDICATES RECORD WAS SET OR TIED.
MM INDICATES DATA IS MISSING.
T  INDICATES TRACE AMOUNT.




$$
