000
CDUS46 KLOX 202213
CLISMX


CLIMATE REPORT
NATIONAL WEATHER SERVICE LOS ANGELES/OXNARD CA
313 PM PDT FRI APR 20 2018


...................................

...THE SANTA MARIA AIRPORT CA CLIMATE SUMMARY FOR APRIL 20 2018...
VALID AS OF 0300 PM LOCAL TIME.

CLIMATE NORMAL PERIOD 1981 TO 2010
CLIMATE RECORD PERIOD 1906 TO 2018


WEATHER ITEM   OBSERVED TIME   RECORD YEAR NORMAL DEPARTURE LAST
                VALUE   (LST)  VALUE       VALUE  FROM      YEAR
                                                  NORMAL
..................................................................
TEMPERATURE (F)
 TODAY
  MAXIMUM         67   1232 PM  98    2009  68     -1       75
  MINIMUM         43    506 AM  31    2008  44     -1       47
                                      1972
  AVERAGE         55                        56     -1       61

PRECIPITATION (IN)
  TODAY            0.00          0.52 1983   0.03  -0.03     0.00
  MONTH TO DATE    0.41                      0.75  -0.34     1.18
  SINCE OCT 1      6.01                     13.18  -7.17    18.10
  SINCE JAN 1      5.89                      9.13  -3.24    13.30

SNOWFALL (IN)
  TODAY            0.0
  MONTH TO DATE    0.0
  SINCE MAR 1      0.0
  SINCE JUL 1      0.0

DEGREE DAYS
 HEATING
  TODAY           10                         9      1
  MONTH TO DATE  144                       196    -52
  SINCE MAR 1    453                       536    -83
  SINCE JUL 1   1569                      2369   -800

 COOLING
  TODAY            0                         0      0
  MONTH TO DATE    7                         0      7
  SINCE MAR 1      7                         1      6
  SINCE JAN 1      7                         2      5
..................................................................


WIND (MPH)
  HIGHEST WIND SPEED    29   HIGHEST WIND DIRECTION    NW (300)
  HIGHEST GUST SPEED    35   HIGHEST GUST DIRECTION    NW (300)
  AVERAGE WIND SPEED    15.0


SKY COVER
  POSSIBLE SUNSHINE  MM
  AVERAGE SKY COVER 0.0


WEATHER CONDITIONS
 THE FOLLOWING WEATHER WAS RECORDED TODAY.
  FOG


RELATIVE HUMIDITY (PERCENT)
 HIGHEST    80           900 AM
 LOWEST     58          1200 PM
 AVERAGE    69

..........................................................


THE SANTA MARIA AIRPORT CA CLIMATE NORMALS FOR TOMORROW
                         NORMAL    RECORD    YEAR
 MAXIMUM TEMPERATURE (F)   68        95      2009
 MINIMUM TEMPERATURE (F)   44        30      1920


SUNRISE AND SUNSET
APRIL 20 2018.........SUNRISE   624 AM PDT   SUNSET   738 PM PDT
APRIL 21 2018.........SUNRISE   622 AM PDT   SUNSET   739 PM PDT


-  INDICATES NEGATIVE NUMBERS.
R  INDICATES RECORD WAS SET OR TIED.
MM INDICATES DATA IS MISSING.
T  INDICATES TRACE AMOUNT.




$$
