175
CDUS42 KTBW 240837
CLISRQ


CLIMATE REPORT
NATIONAL WEATHER SERVICE TAMPA BAY FL
434 AM EDT TUE APR 24 2018


...................................

...THE SARASOTA BRADENTON CLIMATE SUMMARY FOR APRIL 23 2018...

CLIMATE NORMAL PERIOD 1981 TO 2010
CLIMATE RECORD PERIOD 1911 TO 2018


WEATHER ITEM   OBSERVED TIME   RECORD YEAR NORMAL DEPARTURE LAST
                VALUE   (LST)  VALUE       VALUE  FROM      YEAR
                                                  NORMAL
..................................................................
TEMPERATURE (F)
 YESTERDAY
  MAXIMUM         83    254 PM  91    1965  82      1       87
  MINIMUM         70    428 AM  46    1993  63      7       70
                                      1940
  AVERAGE         77                        72      5       79

PRECIPITATION (IN)
  YESTERDAY        T             1.25 1917   0.09  -0.09     0.00
  MONTH TO DATE    2.44                      1.97   0.47      T
  SINCE MAR 1      4.74                      5.83  -1.09     0.74
  SINCE JAN 1      7.83                     11.02  -3.19     3.23

DEGREE DAYS
 HEATING
  YESTERDAY        0                         0      0        0
  MONTH TO DATE    0                         8     -8        1
  SINCE MAR 1     90                        57     33       54
  SINCE JUL 1    389                       475    -86      202

 COOLING
  YESTERDAY       12                         7      5       14
  MONTH TO DATE  177                       137     40      217
  SINCE MAR 1    261                       237     24      334
  SINCE JAN 1    501                       341    160      508
..................................................................


WIND (MPH)
  HIGHEST WIND SPEED    21   HIGHEST WIND DIRECTION    SW (210)
  HIGHEST GUST SPEED    26   HIGHEST GUST DIRECTION     S (200)
  AVERAGE WIND SPEED    10.5


SKY COVER
  POSSIBLE SUNSHINE  MM
  AVERAGE SKY COVER 0.4


WEATHER CONDITIONS
 THE FOLLOWING WEATHER WAS RECORDED YESTERDAY.
  NO SIGNIFICANT WEATHER WAS OBSERVED.


RELATIVE HUMIDITY (PERCENT)
 HIGHEST   100           900 PM
 LOWEST     74          1200 PM

..........................................................


THE SARASOTA BRADENTON CLIMATE NORMALS FOR TODAY
                         NORMAL    RECORD    YEAR
 MAXIMUM TEMPERATURE (F)   82        91      2002
                                             1999
 MINIMUM TEMPERATURE (F)   63        45      1986


SUNRISE AND SUNSET
APRIL 24 2018.........SUNRISE   657 AM EDT   SUNSET   800 PM EDT
APRIL 25 2018.........SUNRISE   656 AM EDT   SUNSET   800 PM EDT


-  INDICATES NEGATIVE NUMBERS.
R  INDICATES RECORD WAS SET OR TIED.
MM INDICATES DATA IS MISSING.
T  INDICATES TRACE AMOUNT.




$$


&&
------------------------------------------------------------------
******************** SUPPLEMENTAL DATA ***************************

...GULF WATER TEMPERATURE AT VENICE 79 DEGREES
