000
CDUS43 KTOP 272133
CLITOP


CLIMATE REPORT
NATIONAL WEATHER SERVICE TOPEKA KS
433 PM CDT SUN MAY 27 2018


...................................

...THE TOPEKA KS CLIMATE SUMMARY FOR MAY 27 2018...
VALID TODAY AS OF 430 PM LOCAL TIME.

CLIMATE NORMAL PERIOD 1981 TO 2010
CLIMATE RECORD PERIOD 1887 TO 2018


WEATHER ITEM   OBSERVED TIME   RECORD YEAR NORMAL DEPARTURE LAST
                VALUE   (LST)  VALUE       VALUE  FROM      YEAR
                                                  NORMAL
..................................................................
TEMPERATURE (F)
 TODAY
  MAXIMUM         95R   308 PM  92    2006  79     16       77
  MINIMUM         68    530 AM  37    1907  58     10       61
  AVERAGE         82                        68     14       69

PRECIPITATION (IN)
  TODAY            0.00          3.62 1935   0.16  -0.16     0.48
  MONTH TO DATE    3.42                      4.28  -0.86     3.60
  SINCE MAR 1      5.53                     10.30  -4.77    13.67
  SINCE JAN 1      7.28                     12.48  -5.20    15.06

SNOWFALL (IN)
  TODAY            0.0           0.0    MM   0.0    0.0      0.0
  MONTH TO DATE    T                         0.0    0.0       T
  SINCE JAN 1      6.0                      11.3   -5.3      3.5
  SINCE JUL 1      8.1                      17.8   -9.7      6.6
  SNOW DEPTH       0

DEGREE DAYS
 HEATING
  TODAY            0                         1     -1        0
  MONTH TO DATE    0                        93    -93       81
  SINCE MAR 1   1090                      1043     47      826
  SINCE JUL 1   4870                      5010   -140     4007

 COOLING
  TODAY           17                         5     12        4
  MONTH TO DATE  249                        78    171       78
  SINCE MAR 1    256                       106    150      115
  SINCE JAN 1    256                       106    150      115
..................................................................


WIND (MPH)
  HIGHEST WIND SPEED    14   HIGHEST WIND DIRECTION     S (180)
  HIGHEST GUST SPEED    19   HIGHEST GUST DIRECTION     S (170)
  AVERAGE WIND SPEED     3.8



WEATHER CONDITIONS
 THE FOLLOWING WEATHER WAS RECORDED TODAY.
  NO SIGNIFICANT WEATHER WAS OBSERVED.


RELATIVE HUMIDITY (PERCENT)
 HIGHEST    97           500 AM
 LOWEST     39          1200 PM
 AVERAGE    68

..........................................................


THE TOPEKA KS CLIMATE NORMALS FOR TOMORROW
                         NORMAL    RECORD    YEAR
 MAXIMUM TEMPERATURE (F)   80        93      2012
                                             1998
 MINIMUM TEMPERATURE (F)   58        36      1992


SUNRISE AND SUNSET
MAY 27 2018...........SUNRISE   601 AM CDT   SUNSET   839 PM CDT
MAY 28 2018...........SUNRISE   600 AM CDT   SUNSET   840 PM CDT


-  INDICATES NEGATIVE NUMBERS.
R  INDICATES RECORD WAS SET OR TIED.
MM INDICATES DATA IS MISSING.
T  INDICATES TRACE AMOUNT.




$$
