796
CDUS42 KTBW 192127
CLITPA


CLIMATE REPORT
NATIONAL WEATHER SERVICE TAMPA BAY FL
520 PM EDT THU APR 19 2018


...................................

...THE TAMPA CLIMATE SUMMARY FOR APRIL 19 2018...
VALID TODAY AS OF 0500 PM LOCAL TIME.

CLIMATE NORMAL PERIOD 1981 TO 2010
CLIMATE RECORD PERIOD 1890 TO 2018


WEATHER ITEM   OBSERVED TIME   RECORD YEAR NORMAL DEPARTURE LAST
                VALUE   (LST)  VALUE       VALUE  FROM      YEAR
                                                  NORMAL
..................................................................
TEMPERATURE (F)
 TODAY
  MAXIMUM         81    307 PM  90    2011  82     -1       89
                                      1967
  MINIMUM         62    416 AM  48    2001  64     -2       72
  AVERAGE         72                        73     -1       81

PRECIPITATION (IN)
  TODAY            T             1.02 1900   0.06  -0.06     0.00
  MONTH TO DATE    2.16                      1.37   0.79     0.59
  SINCE MAR 1      2.51                      4.40  -1.89     1.58
  SINCE JAN 1     10.22                      9.44   0.78     4.54

DEGREE DAYS
 HEATING
  TODAY            0                         0      0        0
  MONTH TO DATE    0                         9     -9        0
  SINCE MAR 1     67                        65      2       28
  SINCE JUL 1    338                       536   -198      164

 COOLING
  TODAY            7                         8     -1       16
  MONTH TO DATE  175                       122     53      206
  SINCE MAR 1    283                       248     35      397
  SINCE JAN 1    600                       361    239      650
..................................................................


WIND (MPH)
  RESULTANT WIND SPEED   6   RESULTANT WIND DIRECTION   W (260)
  HIGHEST WIND SPEED    15   HIGHEST WIND DIRECTION     W (280)
  HIGHEST GUST SPEED    22   HIGHEST GUST DIRECTION     W (260)
  AVERAGE WIND SPEED     5.9


SKY COVER
  POSSIBLE SUNSHINE  MM
  AVERAGE SKY COVER 0.2


WEATHER CONDITIONS
 THE FOLLOWING WEATHER WAS RECORDED TODAY.
  NO SIGNIFICANT WEATHER WAS OBSERVED.


RELATIVE HUMIDITY (PERCENT)
 HIGHEST    93           600 AM
 LOWEST     51          1200 PM

..........................................................


THE TAMPA CLIMATE NORMALS FOR TOMORROW
                         NORMAL    RECORD    YEAR
 MAXIMUM TEMPERATURE (F)   82        90      1960
 MINIMUM TEMPERATURE (F)   64        49      1983


SUNRISE AND SUNSET
APRIL 19 2018.........SUNRISE   701 AM EDT   SUNSET   758 PM EDT
APRIL 20 2018.........SUNRISE   700 AM EDT   SUNSET   758 PM EDT


-  INDICATES NEGATIVE NUMBERS.
R  INDICATES RECORD WAS SET OR TIED.
MM INDICATES DATA IS MISSING.
T  INDICATES TRACE AMOUNT.




$$


&&
------------------------------------------------------------------
******************** SUPPLEMENTAL DATA ***************************

...RUSKIN                HIGH 79    LOW 59    PCPN 0.00
...SARASOTA/BRADENTON    HIGH 79    LOW 59    PCPN 0.00
...LAKELAND*             HIGH 88    LOW 54    PCPN 0.00
...ST. PETERSBURG        HIGH 78    LOW 67    PCPN 0.00
...GULF WATER TEMPERATURE AT CLEARWATER BEACH 74 DEGREES

*LAKELAND DATA IS FROM 4:30 PM WEDNESDAY TO 4:30 PM THURSDAY
AND MAY REFLECT YESTERDAYS RAINFALL AND HIGH TEMPERATURE.
