185
CDUS45 KLKN 250928
CLITPH


CLIMATE REPORT
NATIONAL WEATHER SERVICE ELKO NV
227 AM PDT WED APR 25 2018


...................................

...THE TONOPAH AIRPORT NV CLIMATE SUMMARY FOR APRIL 24 2018...

CLIMATE NORMAL PERIOD 1981 TO 2010
CLIMATE RECORD PERIOD 1954 TO 2018


WEATHER ITEM   OBSERVED TIME   RECORD YEAR NORMAL DEPARTURE LAST
                VALUE   (LST)  VALUE       VALUE  FROM      YEAR
                                                  NORMAL
..................................................................
TEMPERATURE (F)
 YESTERDAY
  MAXIMUM         77    438 PM  83    1996  67     10       63
  MINIMUM         46    504 AM  19    1964  37      9       43
  AVERAGE         62                        52     10       53

PRECIPITATION (IN)
  YESTERDAY        0.00          0.16 1994   0.01  -0.01     0.00
  MONTH TO DATE    T                         0.34  -0.34     0.17
  SINCE OCT 1      0.73                      3.01  -2.28     1.99
  SINCE JAN 1      0.72                      1.92  -1.20     1.46

DEGREE DAYS
 HEATING
  YESTERDAY        3                        13    -10       12
  MONTH TO DATE  295                       393    -98      338
  SINCE MAR 1   1019                      1078    -59      869
  SINCE JUL 1   4599                      5120   -521     4734

 COOLING
  YESTERDAY        0                         0      0        0
  MONTH TO DATE    0                         0      0        0
  SINCE MAR 1      0                         0      0        0
  SINCE JAN 1      0                         0      0        0
..................................................................


WIND (MPH)
  HIGHEST WIND SPEED    20   HIGHEST WIND DIRECTION     N (20)
  HIGHEST GUST SPEED    23   HIGHEST GUST DIRECTION     N (10)
  AVERAGE WIND SPEED     9.1



WEATHER CONDITIONS
 THE FOLLOWING WEATHER WAS RECORDED YESTERDAY.
  NO SIGNIFICANT WEATHER WAS OBSERVED.


RELATIVE HUMIDITY (PERCENT)
 HIGHEST    37           400 AM
 LOWEST      9           500 PM
 AVERAGE    23

..........................................................


THE TONOPAH AIRPORT NV CLIMATE NORMALS FOR TODAY
                         NORMAL    RECORD    YEAR
 MAXIMUM TEMPERATURE (F)   67        79      1992
                                             1987
                                             1966
 MINIMUM TEMPERATURE (F)   37        18      1989


SUNRISE AND SUNSET
APRIL 25 2018.........SUNRISE   559 AM PDT   SUNSET   734 PM PDT
APRIL 26 2018.........SUNRISE   558 AM PDT   SUNSET   735 PM PDT


-  INDICATES NEGATIVE NUMBERS.
R  INDICATES RECORD WAS SET OR TIED.
MM INDICATES DATA IS MISSING.
T  INDICATES TRACE AMOUNT.




$$
