000
CDUS44 KMRX 232117
CLITRI


CLIMATE REPORT
NATIONAL WEATHER SERVICE MORRISTOWN TN
517 PM EDT MON APR 23 2018


...................................

...THE TRI-CITIES      ASOS CLIMATE SUMMARY FOR APRIL 23 2018...
VALID TODAY AS OF 0500 PM LOCAL TIME.

CLIMATE NORMAL PERIOD 1981 TO 2010
CLIMATE RECORD PERIOD 1937 TO 2018


WEATHER ITEM   OBSERVED TIME   RECORD YEAR NORMAL DEPARTURE LAST
                VALUE   (LST)  VALUE       VALUE  FROM      YEAR
                                                  NORMAL
..................................................................
TEMPERATURE (F)
 TODAY
  MAXIMUM         62    312 PM  87    1980  70     -8       57
  MINIMUM         53    856 AM  26    1986  45      8       49
  AVERAGE         58                        57      1       53

PRECIPITATION (IN)
  TODAY            0.17          1.87 2017   0.12   0.05     1.87
  MONTH TO DATE    2.73                      2.53   0.20     4.83
  SINCE MAR 1      7.14                      5.97   1.17     9.40
  SINCE JAN 1     15.87                     12.79   3.08    14.08

SNOWFALL (IN)
  TODAY            0.0                       0.0    0.0      0.0
  MONTH TO DATE    0.2                       1.0   -0.8      0.0
  SINCE MAR 1      2.4                       2.4    0.0      0.3
  SINCE JUL 1      7.1                      13.2   -6.1      4.3
  SNOW DEPTH       0

DEGREE DAYS
 HEATING
  TODAY            7                         8     -1       12
  MONTH TO DATE  313                       254     59      125
  SINCE MAR 1    915                       822     93      652
  SINCE JUL 1   3969                      4204   -235     3219

 COOLING
  TODAY            0                         1     -1        0
  MONTH TO DATE    1                         2     -1        9
  SINCE MAR 1      3                         3      0        9
  SINCE JAN 1     12                         3      9        9
..................................................................


WIND (MPH)
  HIGHEST WIND SPEED    25   HIGHEST WIND DIRECTION    SE (120)
  HIGHEST GUST SPEED    36   HIGHEST GUST DIRECTION     E (100)
  AVERAGE WIND SPEED    13.7


SKY COVER
  POSSIBLE SUNSHINE  MM
  AVERAGE SKY COVER 1.0


WEATHER CONDITIONS
 THE FOLLOWING WEATHER WAS RECORDED TODAY.
  LIGHT RAIN
  FOG


RELATIVE HUMIDITY (PERCENT)
 HIGHEST    83           700 AM
 LOWEST     60          1200 AM
 AVERAGE    72

..........................................................


THE TRI-CITIES      ASOS CLIMATE NORMALS FOR TOMORROW
                         NORMAL    RECORD    YEAR
 MAXIMUM TEMPERATURE (F)   70        87      1960
 MINIMUM TEMPERATURE (F)   45        28      1986


SUNRISE AND SUNSET
APRIL 23 2018.........SUNRISE   646 AM EDT   SUNSET   811 PM EDT
APRIL 24 2018.........SUNRISE   644 AM EDT   SUNSET   812 PM EDT


-  INDICATES NEGATIVE NUMBERS.
R  INDICATES RECORD WAS SET OR TIED.
MM INDICATES DATA IS MISSING.
T  INDICATES TRACE AMOUNT.




$$
