000
CDUS41 KPHI 262132
CLITTN


CLIMATE REPORT
NATIONAL WEATHER SERVICE MOUNT HOLLY NJ
531 PM EDT THU APR 26 2018


...................................

...THE TRENTON NJ CLIMATE SUMMARY FOR APRIL 26 2018...
VALID TODAY AS OF 0500 PM LOCAL TIME.

CLIMATE NORMAL PERIOD 1981 TO 2010
CLIMATE RECORD PERIOD 1865 TO 2018


WEATHER ITEM   OBSERVED TIME   RECORD YEAR NORMAL DEPARTURE LAST
                VALUE   (LST)  VALUE       VALUE  FROM      YEAR
                                                  NORMAL
..................................................................
TEMPERATURE (F)
 TODAY
  MAXIMUM         67    359 PM  91    2009  65      2       65
  MINIMUM         52    650 AM  33    1919  44      8       54
  AVERAGE         60                        55      5       60

PRECIPITATION (IN)
  TODAY            T             1.80 1982   0.10  -0.10     0.02
  MONTH TO DATE    3.17                      3.18  -0.01     2.44
  SINCE MAR 1      7.94                      7.32   0.62     7.05
  SINCE JAN 1     16.49                     12.79   3.70    11.79

DEGREE DAYS
 HEATING
  TODAY            5                        11     -6        5
  MONTH TO DATE  441                       380     61      255
  SINCE MAR 1   1235                      1112    123     1043
  SINCE JUL 1   4722                      4926   -204     4262

 COOLING
  TODAY            0                         0      0        0
  MONTH TO DATE    6                         0      6       10
  SINCE MAR 1      6                         0      6       10
  SINCE JAN 1      9                         0      9       10
..................................................................


WIND (MPH)
  HIGHEST WIND SPEED    18   HIGHEST WIND DIRECTION     W (260)
  HIGHEST GUST SPEED    26   HIGHEST GUST DIRECTION    NW (310)
  AVERAGE WIND SPEED    11.5


SKY COVER
  POSSIBLE SUNSHINE  MM
  AVERAGE SKY COVER 0.3


WEATHER CONDITIONS
 THE FOLLOWING WEATHER WAS RECORDED TODAY.
  LIGHT RAIN
  FOG


RELATIVE HUMIDITY (PERCENT)
 HIGHEST    90          1200 AM
 LOWEST     42           300 PM
 AVERAGE    66

..........................................................


THE TRENTON NJ CLIMATE NORMALS FOR TOMORROW
                         NORMAL    RECORD    YEAR
 MAXIMUM TEMPERATURE (F)   66        93      1915
 MINIMUM TEMPERATURE (F)   45        34      1967
                                             1933


SUNRISE AND SUNSET
APRIL 26 2018.........SUNRISE   605 AM EDT   SUNSET   749 PM EDT
APRIL 27 2018.........SUNRISE   604 AM EDT   SUNSET   750 PM EDT


-  INDICATES NEGATIVE NUMBERS.
R  INDICATES RECORD WAS SET OR TIED.
MM INDICATES DATA IS MISSING.
T  INDICATES TRACE AMOUNT.




$$
