000
CDUS44 KTSA 250659
CLITUL

CLIMATE REPORT
NATIONAL WEATHER SERVICE TULSA OK
146 AM CDT WED APR 25 2018


...................................

...THE TULSA OKLAHOMA CLIMATE SUMMARY FOR APRIL 24 2018...

CLIMATE NORMAL PERIOD 1981 TO 2010
CLIMATE RECORD PERIOD 1882 TO 2018


WEATHER ITEM   OBSERVED TIME   RECORD YEAR NORMAL DEPARTURE LAST
                VALUE   (LST)  VALUE       VALUE  FROM      YEAR
                                                  NORMAL
..................................................................
TEMPERATURE (F)
 YESTERDAY
  MAXIMUM         81    318 PM  91    1975  74      7       76
  MINIMUM         48    614 AM  32    2013  52     -4       42
  AVERAGE         65                        63      2       59

PRECIPITATION (IN)
  YESTERDAY        0.00          2.88 2011   0.15  -0.15     0.00
  MONTH TO DATE    1.36                      2.85  -1.49     6.15
  SINCE MAR 1      4.67                      6.14  -1.47     7.92
  SINCE JAN 1      9.75                      9.65   0.10    12.52

SNOWFALL (IN)
  YESTERDAY        0.0                                       0.0
  MONTH TO DATE    0.1                                        T
  SINCE MAR 1      0.1                                        T
  SINCE JUL 1      2.1                                       0.7

DEGREE DAYS
 HEATING
  YESTERDAY        0                         4     -4        6
  MONTH TO DATE  318                       166    152       83
  SINCE MAR 1    687                       604     83      377
  SINCE JUL 1   3395                      3515   -120     2598

 COOLING
  YESTERDAY        0                         2     -2        0
  MONTH TO DATE   15                        37    -22       56
  SINCE MAR 1     18                        48    -30       96
  SINCE JAN 1     23                        49    -26      112
..................................................................


WIND (MPH)
  HIGHEST WIND SPEED    18   HIGHEST WIND DIRECTION     N (340)
  HIGHEST GUST SPEED    23   HIGHEST GUST DIRECTION     N (340)
  AVERAGE WIND SPEED     5.1


SKY COVER
  POSSIBLE SUNSHINE  MM
  AVERAGE SKY COVER 0.3


WEATHER CONDITIONS
 THE FOLLOWING WEATHER WAS RECORDED YESTERDAY.
  NO SIGNIFICANT WEATHER WAS OBSERVED.


RELATIVE HUMIDITY (PERCENT)
 HIGHEST    86           500 AM
 LOWEST     21           300 PM
 AVERAGE    54

..........................................................


THE TULSA OKLAHOMA CLIMATE NORMALS FOR TODAY
                         NORMAL    RECORD    YEAR
 MAXIMUM TEMPERATURE (F)   75        89      1939
                                             1936
 MINIMUM TEMPERATURE (F)   53        34      2013


SUNRISE AND SUNSET
APRIL 25 2018.........SUNRISE   638 AM CDT   SUNSET   806 PM CDT
APRIL 26 2018.........SUNRISE   636 AM CDT   SUNSET   807 PM CDT


-  INDICATES NEGATIVE NUMBERS.
R  INDICATES RECORD WAS SET OR TIED.
MM INDICATES DATA IS MISSING.
T  INDICATES TRACE AMOUNT.




$$

&&
...........................................................

THE TULSA PRECIPITATION NORMALS FOR TODAY
                       NORMAL    RECORD      YEAR
  TODAY                 0.15      2.76       1999
  MONTH TO DATE         3.00
  YEAR TO DATE          9.80
...........................................................
ALL DATA MEASURED AT THE TULSA INTERNATIONAL AIRPORT...
EXCEPT SNOWFALL...WHICH IS MEASURED AT THE NWS OFFICE.
